Last updated on 2025-01-24 07:49:19 CET.
Flavor | Version | Tinstall | Tcheck | Ttotal | Status | Flags |
---|---|---|---|---|---|---|
r-devel-linux-x86_64-debian-clang | 0.1.4 | 15.29 | 177.35 | 192.64 | OK | |
r-devel-linux-x86_64-debian-gcc | 0.1.4 | 12.14 | 122.68 | 134.82 | NOTE | |
r-devel-linux-x86_64-fedora-clang | 0.1.4 | 312.39 | OK | |||
r-devel-linux-x86_64-fedora-gcc | 0.1.4 | 300.69 | OK | |||
r-devel-windows-x86_64 | 0.1.4 | 17.00 | 190.00 | 207.00 | OK | |
r-patched-linux-x86_64 | 0.1.4 | 16.33 | 160.96 | 177.29 | OK | |
r-release-linux-x86_64 | 0.1.4 | 12.55 | 166.26 | 178.81 | OK | |
r-release-macos-arm64 | 0.1.4 | 95.00 | OK | |||
r-release-macos-x86_64 | 0.1.4 | 172.00 | OK | |||
r-release-windows-x86_64 | 0.1.4 | 16.00 | 187.00 | 203.00 | OK | |
r-oldrel-macos-arm64 | 0.1.4 | 90.00 | OK | |||
r-oldrel-macos-x86_64 | 0.1.4 | 170.00 | OK | |||
r-oldrel-windows-x86_64 | 0.1.4 | 21.00 | 229.00 | 250.00 | OK |
Version: 0.1.4
Check: DESCRIPTION meta-information
Result: NOTE
Missing dependency on R >= 4.1.0 because package code uses the pipe
|> or function shorthand \(...) syntax added in R 4.1.0.
File(s) using such syntax:
‘ipd.R’ ‘ppi_ols.R’ ‘simdat.R’
Flavor: r-devel-linux-x86_64-debian-gcc