CRAN Package Check Results for Package insect

Last updated on 2024-07-23 07:07:17 CEST.

Flavor Version Tinstall Tcheck Ttotal Status Flags
r-devel-linux-x86_64-debian-clang 1.4.2 11.33 81.48 92.81 OK
r-devel-linux-x86_64-debian-gcc 1.4.2 8.76 61.46 70.22 NOTE
r-devel-linux-x86_64-fedora-clang 1.4.2 122.15 OK
r-devel-linux-x86_64-fedora-gcc 1.4.2 120.78 OK
r-devel-windows-x86_64 1.4.2 13.00 87.00 100.00 NOTE
r-patched-linux-x86_64 1.4.2 13.89 77.57 91.46 OK
r-release-linux-x86_64 1.4.2 9.75 76.57 86.32 OK
r-release-macos-arm64 1.4.2 37.00 OK
r-release-macos-x86_64 1.4.2 59.00 OK
r-release-windows-x86_64 1.4.2 10.00 85.00 95.00 OK
r-oldrel-macos-arm64 1.4.2 37.00 OK
r-oldrel-macos-x86_64 1.4.2 56.00 OK
r-oldrel-windows-x86_64 1.4.2 12.00 91.00 103.00 OK

Check Details

Version: 1.4.2
Check: Rd cross-references
Result: NOTE Found the following Rd file(s) with Rd \link{} targets missing package anchors: manipulate.Rd: ape purge.Rd: kmer Please provide package anchors for all Rd \link{} targets not in the package itself and the base packages. Flavors: r-devel-linux-x86_64-debian-gcc, r-devel-windows-x86_64