CRAN Package Check Results for Package image.dlib

Last updated on 2024-07-21 18:54:13 CEST.

Flavor Version Tinstall Tcheck Ttotal Status Flags
r-devel-linux-x86_64-debian-clang 0.1.1 52.67 30.79 83.46 NOTE
r-devel-linux-x86_64-debian-gcc 0.1.1 43.54 23.37 66.91 NOTE
r-devel-linux-x86_64-fedora-clang 0.1.1 148.27 NOTE
r-devel-linux-x86_64-fedora-gcc 0.1.1 157.92 NOTE
r-devel-windows-x86_64 0.1.1 59.00 72.00 131.00 NOTE
r-patched-linux-x86_64 0.1.1 63.82 29.85 93.67 NOTE
r-release-linux-x86_64 0.1.1 60.89 29.32 90.21 NOTE
r-release-macos-arm64 0.1.1 35.00 NOTE
r-release-macos-x86_64 0.1.1 48.00 NOTE
r-release-windows-x86_64 0.1.1 82.00 74.00 156.00 NOTE
r-oldrel-macos-arm64 0.1.1 42.00 NOTE
r-oldrel-macos-x86_64 0.1.1 66.00 NOTE
r-oldrel-windows-x86_64 0.1.1 80.00 80.00 160.00 NOTE

Check Details

Version: 0.1.1
Check: Rd files
Result: NOTE checkRd: (-1) image_fhog.Rd:26: Lost braces in \itemize; \value handles \item{}{} directly checkRd: (-1) image_fhog.Rd:27: Lost braces in \itemize; \value handles \item{}{} directly checkRd: (-1) image_fhog.Rd:28: Lost braces in \itemize; \value handles \item{}{} directly checkRd: (-1) image_fhog.Rd:29: Lost braces in \itemize; \value handles \item{}{} directly checkRd: (-1) image_fhog.Rd:30: Lost braces in \itemize; \value handles \item{}{} directly checkRd: (-1) image_fhog.Rd:31: Lost braces in \itemize; \value handles \item{}{} directly checkRd: (-1) image_surf.Rd:19: Lost braces in \itemize; \value handles \item{}{} directly checkRd: (-1) image_surf.Rd:20: Lost braces in \itemize; \value handles \item{}{} directly checkRd: (-1) image_surf.Rd:21: Lost braces in \itemize; \value handles \item{}{} directly checkRd: (-1) image_surf.Rd:22: Lost braces in \itemize; \value handles \item{}{} directly checkRd: (-1) image_surf.Rd:23: Lost braces in \itemize; \value handles \item{}{} directly checkRd: (-1) image_surf.Rd:24: Lost braces in \itemize; \value handles \item{}{} directly checkRd: (-1) image_surf.Rd:25: Lost braces in \itemize; \value handles \item{}{} directly checkRd: (-1) image_surf.Rd:26: Lost braces in \itemize; \value handles \item{}{} directly Flavors: r-devel-linux-x86_64-debian-clang, r-devel-linux-x86_64-debian-gcc, r-devel-linux-x86_64-fedora-clang, r-devel-linux-x86_64-fedora-gcc, r-devel-windows-x86_64, r-patched-linux-x86_64, r-release-linux-x86_64, r-release-macos-arm64, r-release-macos-x86_64, r-release-windows-x86_64

Version: 0.1.1
Check: installed package size
Result: NOTE installed size is 10.9Mb sub-directories of 1Mb or more: dlib-19.20 9.5Mb Flavors: r-devel-linux-x86_64-fedora-clang, r-devel-windows-x86_64, r-release-macos-arm64, r-release-macos-x86_64, r-release-windows-x86_64, r-oldrel-macos-arm64, r-oldrel-macos-x86_64, r-oldrel-windows-x86_64