CRAN Package Check Results for Package ibmdbR

Last updated on 2025-01-24 07:49:19 CET.

Flavor Version Tinstall Tcheck Ttotal Status Flags
r-devel-linux-x86_64-debian-clang 1.51.0 18.60 102.39 120.99 OK
r-devel-linux-x86_64-debian-gcc 1.51.0 13.31 71.56 84.87 OK
r-devel-linux-x86_64-fedora-clang 1.51.0 198.98 OK
r-devel-linux-x86_64-fedora-gcc 1.51.0 198.22 OK
r-devel-windows-x86_64 1.51.0 19.00 120.00 139.00 OK
r-patched-linux-x86_64 1.51.0 19.20 98.46 117.66 NOTE
r-release-linux-x86_64 1.51.0 18.23 95.77 114.00 NOTE
r-release-macos-arm64 1.51.0 64.00 NOTE
r-release-macos-x86_64 1.51.0 90.00 NOTE
r-release-windows-x86_64 1.51.0 18.00 119.00 137.00 NOTE
r-oldrel-macos-arm64 1.51.0 63.00 NOTE
r-oldrel-macos-x86_64 1.51.0 236.00 NOTE
r-oldrel-windows-x86_64 1.51.0 19.00 142.00 161.00 NOTE

Check Details

Version: 1.51.0
Check: package dependencies
Result: NOTE Package suggested but not available for checking: ‘SparkR’ Flavors: r-patched-linux-x86_64, r-release-linux-x86_64, r-release-macos-arm64, r-release-macos-x86_64, r-release-windows-x86_64, r-oldrel-macos-arm64, r-oldrel-macos-x86_64, r-oldrel-windows-x86_64