CRAN Package Check Results for Package iNZightTools

Last updated on 2024-07-24 06:57:17 CEST.

Flavor Version Tinstall Tcheck Ttotal Status Flags
r-devel-linux-x86_64-debian-clang 2.0.1 16.93 159.14 176.07 NOTE
r-devel-linux-x86_64-debian-gcc 2.0.1 11.98 118.16 130.14 NOTE
r-devel-linux-x86_64-fedora-clang 2.0.1 215.66 NOTE
r-devel-linux-x86_64-fedora-gcc 2.0.1 204.86 NOTE
r-devel-windows-x86_64 2.0.1 14.00 138.00 152.00 NOTE
r-patched-linux-x86_64 2.0.1 18.69 149.98 168.67 NOTE
r-release-linux-x86_64 2.0.1 8.96 150.10 159.06 NOTE
r-release-macos-arm64 2.0.1 57.00 NOTE
r-release-macos-x86_64 2.0.1 89.00 NOTE
r-release-windows-x86_64 2.0.1 13.00 136.00 149.00 NOTE
r-oldrel-macos-arm64 2.0.1 60.00 NOTE
r-oldrel-macos-x86_64 2.0.1 129.00 NOTE
r-oldrel-windows-x86_64 2.0.1 16.00 171.00 187.00 NOTE

Check Details

Version: 2.0.1
Check: package dependencies
Result: NOTE Package suggested but not available for checking: ‘surveyspec’ Flavors: r-devel-linux-x86_64-debian-clang, r-devel-linux-x86_64-debian-gcc, r-devel-linux-x86_64-fedora-clang, r-devel-linux-x86_64-fedora-gcc, r-devel-windows-x86_64, r-patched-linux-x86_64, r-release-linux-x86_64, r-release-macos-arm64, r-release-macos-x86_64, r-release-windows-x86_64, r-oldrel-macos-arm64, r-oldrel-macos-x86_64, r-oldrel-windows-x86_64

Version: 2.0.1
Check: Rd cross-references
Result: NOTE Found the following Rd file(s) with Rd \link{} targets missing package anchors: survey_IQR.Rd: srvyr Please provide package anchors for all Rd \link{} targets not in the package itself and the base packages. Flavors: r-devel-linux-x86_64-debian-gcc, r-devel-windows-x86_64