CRAN Package Check Results for Package huge

Last updated on 2024-07-22 18:52:24 CEST.

Flavor Version Tinstall Tcheck Ttotal Status Flags
r-devel-linux-x86_64-debian-clang 1.3.5 72.46 134.10 206.56 NOTE
r-devel-linux-x86_64-debian-gcc 1.3.5 47.06 116.48 163.54 NOTE
r-devel-linux-x86_64-fedora-clang 1.3.5 306.68 NOTE
r-devel-linux-x86_64-fedora-gcc 1.3.5 290.15 NOTE
r-devel-windows-x86_64 1.3.5 53.00 161.00 214.00 NOTE
r-patched-linux-x86_64 1.3.5 63.71 128.79 192.50 NOTE
r-release-linux-x86_64 1.3.5 57.50 134.82 192.32 NOTE
r-release-macos-arm64 1.3.5 90.00 NOTE
r-release-macos-x86_64 1.3.5 112.00 NOTE
r-release-windows-x86_64 1.3.5 62.00 157.00 219.00 NOTE
r-oldrel-macos-arm64 1.3.5 94.00 NOTE
r-oldrel-macos-x86_64 1.3.5 150.00 NOTE
r-oldrel-windows-x86_64 1.3.5 79.00 179.00 258.00 NOTE

Check Details

Version: 1.3.5
Check: C++ specification
Result: NOTE Specified C++11: please drop specification unless essential Flavors: r-devel-linux-x86_64-debian-clang, r-devel-linux-x86_64-debian-gcc, r-devel-linux-x86_64-fedora-clang, r-devel-linux-x86_64-fedora-gcc, r-devel-windows-x86_64, r-patched-linux-x86_64, r-release-linux-x86_64, r-release-macos-arm64, r-release-macos-x86_64, r-release-windows-x86_64, r-oldrel-macos-arm64, r-oldrel-macos-x86_64, r-oldrel-windows-x86_64

Version: 1.3.5
Check: Rd files
Result: NOTE checkRd: (-1) huge.Rd:31: Lost braces; missing escapes or markup? 31 | \item{scr}{If \code{scr = TRUE}, the lossy screening rule is applied to preselect the neighborhood before the graph estimation. The default value is \code{FALSE}. NOT applicable when \code{method = "ct"}, {"mb"}, or {"tiger"}.} | ^ checkRd: (-1) huge.Rd:31: Lost braces; missing escapes or markup? 31 | \item{scr}{If \code{scr = TRUE}, the lossy screening rule is applied to preselect the neighborhood before the graph estimation. The default value is \code{FALSE}. NOT applicable when \code{method = "ct"}, {"mb"}, or {"tiger"}.} | ^ checkRd: (-1) huge.Rd:37: Lost braces; missing escapes or markup? 37 | \item{sym}{Symmetrize the output graphs. If \code{sym = "and"}, the edge between node \code{i} and node \code{j} is selected ONLY when both node \code{i} and node \code{j} are selected as neighbors for each other. If \code{sym = "or"}, the edge is selected when either node \code{i} or node \code{j} is selected as the neighbor for each other. The default value is \code{"or"}. ONLY applicable when \code{method = "mb"} or {"tiger"}.} | ^ checkRd: (-1) huge.glasso.Rd:26: Lost braces; missing escapes or markup? 26 | \item{scr}{If \code{scr = TRUE}, the lossy screening rule is applied to preselect the neighborhood before the graph estimation. The default value is \code{FALSE}. NOT applicable when \code{method = "ct"}, {"mb"}, or {"tiger"}.} | ^ checkRd: (-1) huge.glasso.Rd:26: Lost braces; missing escapes or markup? 26 | \item{scr}{If \code{scr = TRUE}, the lossy screening rule is applied to preselect the neighborhood before the graph estimation. The default value is \code{FALSE}. NOT applicable when \code{method = "ct"}, {"mb"}, or {"tiger"}.} | ^ checkRd: (-1) huge.mb.Rd:28: Lost braces; missing escapes or markup? 28 | \item{scr}{If \code{scr = TRUE}, the lossy screening rule is applied to preselect the neighborhood before the graph estimation. The default value is \code{FALSE}. NOT applicable when \code{method = "ct"}, {"mb"}, or {"tiger"}.} | ^ checkRd: (-1) huge.mb.Rd:28: Lost braces; missing escapes or markup? 28 | \item{scr}{If \code{scr = TRUE}, the lossy screening rule is applied to preselect the neighborhood before the graph estimation. The default value is \code{FALSE}. NOT applicable when \code{method = "ct"}, {"mb"}, or {"tiger"}.} | ^ checkRd: (-1) huge.mb.Rd:34: Lost braces; missing escapes or markup? 34 | \item{sym}{Symmetrize the output graphs. If \code{sym = "and"}, the edge between node \code{i} and node \code{j} is selected ONLY when both node \code{i} and node \code{j} are selected as neighbors for each other. If \code{sym = "or"}, the edge is selected when either node \code{i} or node \code{j} is selected as the neighbor for each other. The default value is \code{"or"}. ONLY applicable when \code{method = "mb"} or {"tiger"}.} | ^ checkRd: (-1) huge.tiger.Rd:25: Lost braces; missing escapes or markup? 25 | \item{sym}{Symmetrize the output graphs. If \code{sym = "and"}, the edge between node \code{i} and node \code{j} is selected ONLY when both node \code{i} and node \code{j} are selected as neighbors for each other. If \code{sym = "or"}, the edge is selected when either node \code{i} or node \code{j} is selected as the neighbor for each other. The default value is \code{"or"}. ONLY applicable when \code{method = "mb"} or {"tiger"}.} | ^ Flavors: r-devel-linux-x86_64-debian-clang, r-devel-linux-x86_64-debian-gcc, r-devel-linux-x86_64-fedora-clang, r-devel-linux-x86_64-fedora-gcc, r-devel-windows-x86_64, r-patched-linux-x86_64, r-release-linux-x86_64, r-release-macos-arm64, r-release-macos-x86_64, r-release-windows-x86_64

Version: 1.3.5
Check: installed package size
Result: NOTE installed size is 9.9Mb sub-directories of 1Mb or more: libs 8.5Mb Flavors: r-release-macos-arm64, r-release-macos-x86_64, r-oldrel-macos-arm64, r-oldrel-macos-x86_64