CRAN Package Check Results for Package hot.deck

Last updated on 2024-07-24 18:53:53 CEST.

Flavor Version Tinstall Tcheck Ttotal Status Flags
r-devel-linux-x86_64-debian-clang 1.2 3.43 52.48 55.91 NOTE
r-devel-linux-x86_64-debian-gcc 1.2 2.51 39.36 41.87 NOTE
r-devel-linux-x86_64-fedora-clang 1.2 73.83 NOTE
r-devel-linux-x86_64-fedora-gcc 1.2 84.59 NOTE
r-devel-windows-x86_64 1.2 4.00 64.00 68.00 NOTE
r-patched-linux-x86_64 1.2 3.69 52.06 55.75 NOTE
r-release-linux-x86_64 1.2 2.19 49.70 51.89 NOTE
r-release-macos-arm64 1.2 32.00 NOTE
r-release-macos-x86_64 1.2 46.00 NOTE
r-release-windows-x86_64 1.2 5.00 71.00 76.00 NOTE
r-oldrel-macos-arm64 1.2 35.00 OK
r-oldrel-macos-x86_64 1.2 50.00 OK
r-oldrel-windows-x86_64 1.2 5.00 68.00 73.00 OK

Check Details

Version: 1.2
Check: Rd files
Result: NOTE checkRd: (-1) hd.ord.Rd:43: Lost braces in \itemize; \value handles \item{}{} directly checkRd: (-1) hd.ord.Rd:44: Lost braces in \itemize; \value handles \item{}{} directly checkRd: (-1) hd.ord.Rd:45: Lost braces in \itemize; \value handles \item{}{} directly checkRd: (-1) hd.ord.Rd:46: Lost braces in \itemize; \value handles \item{}{} directly checkRd: (-1) hd.ord.Rd:47: Lost braces in \itemize; \value handles \item{}{} directly checkRd: (-1) hd.ord.Rd:48: Lost braces in \itemize; \value handles \item{}{} directly checkRd: (-1) hd.ord.Rd:49: Lost braces in \itemize; \value handles \item{}{} directly checkRd: (-1) hd.ord.Rd:50: Lost braces in \itemize; \value handles \item{}{} directly checkRd: (-1) hd.ord.Rd:51: Lost braces in \itemize; \value handles \item{}{} directly checkRd: (-1) hd.ord.Rd:52: Lost braces in \itemize; \value handles \item{}{} directly checkRd: (-1) hd.ord.Rd:53: Lost braces in \itemize; \value handles \item{}{} directly checkRd: (-1) hd.ord.Rd:54: Lost braces in \itemize; \value handles \item{}{} directly checkRd: (-1) hd.ord.Rd:55: Lost braces in \itemize; \value handles \item{}{} directly checkRd: (-1) hd.ord.Rd:56: Lost braces in \itemize; \value handles \item{}{} directly checkRd: (-1) hot.deck.Rd:39: Lost braces in \itemize; \value handles \item{}{} directly checkRd: (-1) hot.deck.Rd:40: Lost braces in \itemize; \value handles \item{}{} directly checkRd: (-1) hot.deck.Rd:41: Lost braces in \itemize; \value handles \item{}{} directly checkRd: (-1) hot.deck.Rd:42: Lost braces in \itemize; \value handles \item{}{} directly checkRd: (-1) hot.deck.Rd:43: Lost braces in \itemize; \value handles \item{}{} directly checkRd: (-1) hot.deck.Rd:44: Lost braces in \itemize; \value handles \item{}{} directly Flavors: r-devel-linux-x86_64-debian-clang, r-devel-linux-x86_64-debian-gcc, r-devel-linux-x86_64-fedora-clang, r-devel-linux-x86_64-fedora-gcc, r-devel-windows-x86_64, r-patched-linux-x86_64, r-release-linux-x86_64, r-release-macos-arm64, r-release-macos-x86_64, r-release-windows-x86_64