CRAN Package Check Results for Package hommel

Last updated on 2024-07-25 06:52:16 CEST.

Flavor Version Tinstall Tcheck Ttotal Status Flags
r-devel-linux-x86_64-debian-clang 1.6 73.88 30.23 104.11 OK
r-devel-linux-x86_64-debian-gcc 1.6 57.06 23.05 80.11 NOTE
r-devel-linux-x86_64-fedora-clang 1.6 164.70 OK
r-devel-linux-x86_64-fedora-gcc 1.6 147.36 OK
r-devel-windows-x86_64 1.6 67.00 60.00 127.00 NOTE
r-patched-linux-x86_64 1.6 82.68 29.39 112.07 OK
r-release-linux-x86_64 1.6 70.95 29.29 100.24 OK
r-release-macos-arm64 1.6 41.00 OK
r-release-macos-x86_64 1.6 66.00 OK
r-release-windows-x86_64 1.6 70.00 58.00 128.00 OK
r-oldrel-macos-arm64 1.6 44.00 OK
r-oldrel-macos-x86_64 1.6 78.00 OK
r-oldrel-windows-x86_64 1.6 64.00 69.00 133.00 OK

Check Details

Version: 1.6
Check: Rd cross-references
Result: NOTE Found the following Rd file(s) with Rd \link{} targets missing package anchors: hommel-class.Rd: select Please provide package anchors for all Rd \link{} targets not in the package itself and the base packages. Flavors: r-devel-linux-x86_64-debian-gcc, r-devel-windows-x86_64