CRAN Package Check Results for Package hnp

Last updated on 2024-07-19 06:50:16 CEST.

Flavor Version Tinstall Tcheck Ttotal Status Flags
r-devel-linux-x86_64-debian-clang 1.2-6 6.03 59.94 65.97 NOTE
r-devel-linux-x86_64-debian-gcc 1.2-6 3.54 43.28 46.82 NOTE
r-devel-linux-x86_64-fedora-clang 1.2-6 80.06 NOTE
r-devel-linux-x86_64-fedora-gcc 1.2-6 74.99 NOTE
r-devel-windows-x86_64 1.2-6 6.00 62.00 68.00 NOTE
r-patched-linux-x86_64 1.2-6 5.24 55.42 60.66 NOTE
r-release-linux-x86_64 1.2-6 4.55 55.61 60.16 NOTE
r-release-macos-arm64 1.2-6 24.00 NOTE
r-release-macos-x86_64 1.2-6 37.00 NOTE
r-release-windows-x86_64 1.2-6 5.00 64.00 69.00 NOTE
r-oldrel-macos-arm64 1.2-6 25.00 NOTE
r-oldrel-macos-x86_64 1.2-6 42.00 NOTE
r-oldrel-windows-x86_64 1.2-6 6.00 73.00 79.00 NOTE

Check Details

Version: 1.2-6
Check: package dependencies
Result: NOTE Package suggested but not available for checking: ‘glmmADMB’ Flavors: r-devel-linux-x86_64-debian-clang, r-devel-linux-x86_64-debian-gcc, r-devel-linux-x86_64-fedora-clang, r-devel-linux-x86_64-fedora-gcc, r-devel-windows-x86_64, r-patched-linux-x86_64, r-release-linux-x86_64, r-release-macos-arm64, r-release-macos-x86_64, r-release-windows-x86_64, r-oldrel-macos-arm64, r-oldrel-macos-x86_64, r-oldrel-windows-x86_64

Version: 1.2-6
Check: Rd cross-references
Result: NOTE Found the following Rd file(s) with Rd \link{} targets missing package anchors: hnp.Rd: glm.nb, multinom Please provide package anchors for all Rd \link{} targets not in the package itself and the base packages. Flavor: r-devel-windows-x86_64