CRAN Package Check Results for Package heatwaveR

Last updated on 2024-07-24 06:57:17 CEST.

Flavor Version Tinstall Tcheck Ttotal Status Flags
r-devel-linux-x86_64-debian-clang 0.4.6 31.46 222.07 253.53 NOTE
r-devel-linux-x86_64-debian-gcc 0.4.6 21.59 202.25 223.84 NOTE
r-devel-linux-x86_64-fedora-clang 0.4.6 383.50 NOTE
r-devel-linux-x86_64-fedora-gcc 0.4.6 334.44 NOTE
r-devel-windows-x86_64 0.4.6 29.00 190.00 219.00 NOTE
r-patched-linux-x86_64 0.4.6 41.10 250.04 291.14 NOTE
r-release-linux-x86_64 0.4.6 29.16 252.32 281.48 NOTE
r-release-macos-arm64 0.4.6 85.00 NOTE
r-release-macos-x86_64 0.4.6 134.00 NOTE
r-release-windows-x86_64 0.4.6 34.00 188.00 222.00 NOTE
r-oldrel-macos-arm64 0.4.6 101.00 NOTE
r-oldrel-macos-x86_64 0.4.6 160.00 NOTE
r-oldrel-windows-x86_64 0.4.6 35.00 231.00 266.00 NOTE

Check Details

Version: 0.4.6
Check: C++ specification
Result: NOTE Specified C++11: please drop specification unless essential Flavors: r-devel-linux-x86_64-debian-clang, r-devel-linux-x86_64-debian-gcc, r-devel-linux-x86_64-fedora-clang, r-devel-linux-x86_64-fedora-gcc, r-devel-windows-x86_64, r-patched-linux-x86_64, r-release-linux-x86_64, r-release-macos-arm64, r-release-macos-x86_64, r-release-windows-x86_64, r-oldrel-macos-arm64, r-oldrel-macos-x86_64, r-oldrel-windows-x86_64

Version: 0.4.6
Check: Rd files
Result: NOTE checkRd: (-1) category.Rd:117-118: Lost braces in \enumerate; meant \describe ? checkRd: (-1) category.Rd:119-120: Lost braces in \enumerate; meant \describe ? checkRd: (-1) category.Rd:121: Lost braces in \enumerate; meant \describe ? checkRd: (-1) category.Rd:122-123: Lost braces in \enumerate; meant \describe ? Flavors: r-devel-linux-x86_64-debian-clang, r-devel-linux-x86_64-debian-gcc, r-devel-linux-x86_64-fedora-clang, r-devel-linux-x86_64-fedora-gcc, r-devel-windows-x86_64, r-patched-linux-x86_64, r-release-linux-x86_64, r-release-macos-arm64, r-release-macos-x86_64, r-release-windows-x86_64

Version: 0.4.6
Check: Rd cross-references
Result: NOTE Found the following Rd file(s) with Rd \link{} targets missing package anchors: category.Rd: y geom_flame.Rd: layer geom_lolli.Rd: layer Please provide package anchors for all Rd \link{} targets not in the package itself and the base packages. Flavors: r-devel-linux-x86_64-debian-gcc, r-devel-windows-x86_64