CRAN Package Check Results for Package healthyverse

Last updated on 2024-07-14 18:54:39 CEST.

Flavor Version Tinstall Tcheck Ttotal Status Flags
r-devel-linux-x86_64-debian-clang 1.0.4 14.14 93.74 107.88 OK
r-devel-linux-x86_64-debian-gcc 1.0.4 8.97 68.19 77.16 OK
r-devel-linux-x86_64-fedora-clang 1.0.4 134.72 NOTE
r-devel-linux-x86_64-fedora-gcc 1.0.4 135.31 NOTE
r-devel-windows-x86_64 1.0.4 14.00 88.00 102.00 OK
r-patched-linux-x86_64 1.0.4 0.32 2.38 2.70 ERROR
r-release-linux-x86_64 1.0.4 12.70 86.42 99.12 OK
r-release-macos-arm64 1.0.4 46.00 OK
r-release-macos-x86_64 1.0.4 69.00 OK
r-release-windows-x86_64 1.0.4 13.00 87.00 100.00 OK
r-oldrel-macos-arm64 1.0.4 47.00 OK
r-oldrel-macos-x86_64 1.0.4 89.00 OK
r-oldrel-windows-x86_64 1.0.4 18.00 107.00 125.00 OK

Check Details

Version: 1.0.4
Check: dependencies in R code
Result: NOTE Namespaces in Imports field not imported from: ‘TidyDensity’ ‘healthyR’ ‘healthyR.ai’ ‘healthyR.data’ ‘healthyR.ts’ ‘tidyAML’ All declared Imports should be used. Flavors: r-devel-linux-x86_64-fedora-clang, r-devel-linux-x86_64-fedora-gcc

Version: 1.0.4
Check: package dependencies
Result: ERROR Packages required but not available: 'healthyR.ts', 'healthyR.ai' See section ‘The DESCRIPTION file’ in the ‘Writing R Extensions’ manual. Flavor: r-patched-linux-x86_64