CRAN Package Check Results for Package hdbayes

Last updated on 2024-06-14 05:58:25 CEST.

Flavor Version Tinstall Tcheck Ttotal Status Flags
r-devel-linux-x86_64-debian-clang 0.0.3 15.46 119.70 135.16 NOTE
r-devel-linux-x86_64-debian-gcc 0.0.3 0.32 1.71 2.03 ERROR
r-devel-linux-x86_64-fedora-clang 0.0.3 168.54 NOTE
r-devel-linux-x86_64-fedora-gcc 0.0.3 163.83 NOTE
r-devel-windows-x86_64 0.0.3 15.00 97.00 112.00 NOTE
r-patched-linux-x86_64 0.0.3 17.94 111.76 129.70 NOTE
r-release-linux-x86_64 0.0.3 17.51 111.11 128.62 NOTE
r-release-macos-arm64 0.0.3 46.00 NOTE
r-release-macos-x86_64 0.0.3 72.00 NOTE
r-release-windows-x86_64 0.0.3 16.00 101.00 117.00 NOTE
r-oldrel-macos-arm64 0.0.3 54.00 NOTE
r-oldrel-macos-x86_64 0.0.3 84.00 NOTE
r-oldrel-windows-x86_64 0.0.3 20.00 118.00 138.00 NOTE

Check Details

Version: 0.0.3
Check: package dependencies
Result: NOTE Package suggested but not available for checking: ‘cmdstanr’ Flavors: r-devel-linux-x86_64-debian-clang, r-devel-linux-x86_64-fedora-clang, r-devel-linux-x86_64-fedora-gcc, r-devel-windows-x86_64, r-patched-linux-x86_64, r-release-linux-x86_64, r-release-macos-arm64, r-release-macos-x86_64, r-release-windows-x86_64, r-oldrel-macos-arm64, r-oldrel-macos-x86_64, r-oldrel-windows-x86_64

Version: 0.0.3
Check: package dependencies
Result: ERROR Packages required but not available: 'posterior', 'bridgesampling' Package suggested but not available for checking: ‘cmdstanr’ See section ‘The DESCRIPTION file’ in the ‘Writing R Extensions’ manual. Flavor: r-devel-linux-x86_64-debian-gcc