CRAN Package Check Results for Package gtfstools

Last updated on 2024-07-21 06:52:10 CEST.

Flavor Version Tinstall Tcheck Ttotal Status Flags
r-devel-linux-x86_64-debian-clang 1.2.0 11.30 120.46 131.76 ERROR
r-devel-linux-x86_64-debian-gcc 1.2.0 7.03 100.71 107.74 ERROR
r-devel-linux-x86_64-fedora-clang 1.2.0 190.27 NOTE
r-devel-linux-x86_64-fedora-gcc 1.2.0 175.79 NOTE
r-devel-windows-x86_64 1.2.0 13.00 129.00 142.00 ERROR
r-patched-linux-x86_64 1.2.0 11.27 128.69 139.96 OK
r-release-linux-x86_64 1.2.0 11.30 125.33 136.63 OK
r-release-macos-arm64 1.2.0 60.00 OK
r-release-macos-x86_64 1.2.0 88.00 OK
r-release-windows-x86_64 1.2.0 13.00 124.00 137.00 OK
r-oldrel-macos-arm64 1.2.0 63.00 OK
r-oldrel-macos-x86_64 1.2.0 96.00 OK
r-oldrel-windows-x86_64 1.2.0 16.00 160.00 176.00 OK

Additional issues

M1mac

Check Details

Version: 1.2.0
Check: compiled code
Result: NOTE File ‘gtfstools/libs/gtfstools.so’: Found non-API calls to R: ‘SETLENGTH’, ‘SET_GROWABLE_BIT’, ‘SET_TRUELENGTH’ Compiled code should not call non-API entry points in R. See ‘Writing portable packages’ in the ‘Writing R Extensions’ manual, and section ‘Moving into C API compliance’ for issues with the use of non-API entry points. Flavors: r-devel-linux-x86_64-debian-clang, r-devel-linux-x86_64-debian-gcc, r-devel-linux-x86_64-fedora-clang, r-devel-linux-x86_64-fedora-gcc

Version: 1.2.0
Check: tests
Result: ERROR Running ‘testthat.R’ [46s/55s] Running the tests in ‘tests/testthat.R’ failed. Complete output: > if (requireNamespace("testthat", quietly = TRUE)) { + + library(testthat) + library(gtfstools) + + test_check("gtfstools") + + } trying URL 'https://github.com/ipeaGIT/gtfstools/raw/master/inst/extdata/spo_gtfs.zip' Content type 'application/zip' length 191108 bytes (186 KB) ================================================== downloaded 186 KB [ FAIL 2 | WARN 8 | SKIP 2 | PASS 1243 ] ══ Skipped tests (2) ═══════════════════════════════════════════════════════════ • On CRAN (2): 'test-download_validator.R:37:1', 'test-validate_gtfs.R:1:1' ══ Failed tests ════════════════════════════════════════════════════════════════ ── Failure ('test-set_trip_speed.R:257:3'): results in identical gtfs if none of the specified trip_ids exist ── `same_speeds_gtfs <- set_trip_speed(gtfs, character(0), 1)` produced warnings. ── Failure ('test-set_trip_speed.R:263:3'): results in identical gtfs if none of the specified trip_ids exist ── `same_speeds_gtfs <- set_trip_speed(gtfs, character(0), numeric(0))` produced warnings. [ FAIL 2 | WARN 8 | SKIP 2 | PASS 1243 ] Error: Test failures Execution halted Flavor: r-devel-linux-x86_64-debian-clang

Version: 1.2.0
Check: tests
Result: ERROR Running ‘testthat.R’ [42s/72s] Running the tests in ‘tests/testthat.R’ failed. Complete output: > if (requireNamespace("testthat", quietly = TRUE)) { + + library(testthat) + library(gtfstools) + + test_check("gtfstools") + + } trying URL 'https://github.com/ipeaGIT/gtfstools/raw/master/inst/extdata/spo_gtfs.zip' Content type 'application/zip' length 191108 bytes (186 KB) ================================================== downloaded 186 KB [ FAIL 2 | WARN 8 | SKIP 2 | PASS 1243 ] ══ Skipped tests (2) ═══════════════════════════════════════════════════════════ • On CRAN (2): 'test-download_validator.R:37:1', 'test-validate_gtfs.R:1:1' ══ Failed tests ════════════════════════════════════════════════════════════════ ── Failure ('test-set_trip_speed.R:257:3'): results in identical gtfs if none of the specified trip_ids exist ── `same_speeds_gtfs <- set_trip_speed(gtfs, character(0), 1)` produced warnings. ── Failure ('test-set_trip_speed.R:263:3'): results in identical gtfs if none of the specified trip_ids exist ── `same_speeds_gtfs <- set_trip_speed(gtfs, character(0), numeric(0))` produced warnings. [ FAIL 2 | WARN 8 | SKIP 2 | PASS 1243 ] Error: Test failures Execution halted Flavor: r-devel-linux-x86_64-debian-gcc

Version: 1.2.0
Check: compiled code
Result: NOTE File 'gtfstools/libs/x64/gtfstools.dll': Found non-API calls to R: 'SETLENGTH', 'SET_GROWABLE_BIT', 'SET_TRUELENGTH' Compiled code should not call non-API entry points in R. See 'Writing portable packages' in the 'Writing R Extensions' manual, and section 'Moving into C API compliance' for issues with the use of non-API entry points. Flavor: r-devel-windows-x86_64

Version: 1.2.0
Check: tests
Result: ERROR Running 'testthat.R' [41s] Running the tests in 'tests/testthat.R' failed. Complete output: > if (requireNamespace("testthat", quietly = TRUE)) { + + library(testthat) + library(gtfstools) + + test_check("gtfstools") + + } trying URL 'https://github.com/ipeaGIT/gtfstools/raw/master/inst/extdata/spo_gtfs.zip' Content type 'application/zip' length 191108 bytes (186 KB) ================================================== downloaded 186 KB [ FAIL 2 | WARN 8 | SKIP 2 | PASS 1243 ] ══ Skipped tests (2) ═══════════════════════════════════════════════════════════ • On CRAN (2): 'test-download_validator.R:37:1', 'test-validate_gtfs.R:1:1' ══ Failed tests ════════════════════════════════════════════════════════════════ ── Failure ('test-set_trip_speed.R:257:3'): results in identical gtfs if none of the specified trip_ids exist ── `same_speeds_gtfs <- set_trip_speed(gtfs, character(0), 1)` produced warnings. ── Failure ('test-set_trip_speed.R:263:3'): results in identical gtfs if none of the specified trip_ids exist ── `same_speeds_gtfs <- set_trip_speed(gtfs, character(0), numeric(0))` produced warnings. [ FAIL 2 | WARN 8 | SKIP 2 | PASS 1243 ] Error: Test failures Execution halted Flavor: r-devel-windows-x86_64