CRAN Package Check Results for Package gt

Last updated on 2024-06-13 17:49:12 CEST.

Flavor Version Tinstall Tcheck Ttotal Status Flags
r-devel-linux-x86_64-debian-clang 0.10.1 41.31 306.27 347.58 OK
r-devel-linux-x86_64-debian-gcc 0.10.1 0.86 1.60 2.46 ERROR
r-devel-linux-x86_64-fedora-clang 0.10.1 405.57 NOTE
r-devel-linux-x86_64-fedora-gcc 0.10.1 383.12 NOTE
r-devel-windows-x86_64 0.10.1 33.00 247.00 280.00 NOTE
r-patched-linux-x86_64 0.10.1 47.80 289.13 336.93 OK
r-release-linux-x86_64 0.10.1 22.58 292.91 315.49 OK
r-release-macos-arm64 0.10.1 87.00 NOTE
r-release-macos-x86_64 0.10.1 137.00 NOTE
r-release-windows-x86_64 0.10.1 35.00 245.00 280.00 NOTE
r-oldrel-macos-arm64 0.10.1 93.00 NOTE
r-oldrel-macos-x86_64 0.10.1 190.00 NOTE
r-oldrel-windows-x86_64 0.10.1 43.00 300.00 343.00 OK

Check Details

Version: 0.10.1
Check: package dependencies
Result: ERROR Packages required but not available: 'dplyr', 'tidyselect', 'vctrs' Packages suggested but not available for checking: 'ggplot2', 'lubridate', 'magick', 'paletteer', 'rvest', 'testthat', 'tidyr' See section ‘The DESCRIPTION file’ in the ‘Writing R Extensions’ manual. Flavor: r-devel-linux-x86_64-debian-gcc

Version: 0.10.1
Check: installed package size
Result: NOTE installed size is 5.1Mb sub-directories of 1Mb or more: R 1.4Mb help 1.9Mb Flavors: r-devel-linux-x86_64-fedora-clang, r-devel-windows-x86_64, r-release-macos-arm64, r-release-macos-x86_64, r-release-windows-x86_64, r-oldrel-macos-arm64, r-oldrel-macos-x86_64

Version: 0.10.1
Check: data for non-ASCII characters
Result: NOTE Note: found 146 marked UTF-8 strings Flavors: r-devel-linux-x86_64-fedora-clang, r-devel-linux-x86_64-fedora-gcc