CRAN Package Check Results for Package groupedSurv

Last updated on 2024-07-13 06:49:39 CEST.

Flavor Version Tinstall Tcheck Ttotal Status Flags
r-devel-linux-x86_64-debian-clang 1.0.5.1 120.74 68.35 189.09 OK
r-devel-linux-x86_64-debian-gcc 1.0.5.1 83.27 53.18 136.45 OK
r-devel-linux-x86_64-fedora-clang 1.0.5.1 295.90 OK
r-devel-linux-x86_64-fedora-gcc 1.0.5.1 284.71 OK
r-devel-windows-x86_64 1.0.5.1 94.00 106.00 200.00 OK
r-patched-linux-x86_64 1.0.5.1 96.24 67.66 163.90 OK
r-release-linux-x86_64 1.0.5.1 91.48 65.20 156.68 OK
r-release-macos-arm64 1.0.5.1 63.00 NOTE
r-release-macos-x86_64 1.0.5.1 74.00 WARN
r-release-windows-x86_64 1.0.5.1 93.00 106.00 199.00 OK
r-oldrel-macos-arm64 1.0.5.1 155.00 NOTE
r-oldrel-macos-x86_64 1.0.5.1 147.00 NOTE
r-oldrel-windows-x86_64 1.0.5.1 113.00 122.00 235.00 OK

Check Details

Version: 1.0.5.1
Check: installed package size
Result: NOTE installed size is 9.7Mb sub-directories of 1Mb or more: libs 9.3Mb Flavors: r-release-macos-arm64, r-release-macos-x86_64, r-oldrel-macos-arm64, r-oldrel-macos-x86_64

Version: 1.0.5.1
Check: re-building of vignette outputs
Result: WARN Error(s) in re-building vignettes: ... --- re-building ‘groupedSurv.Rnw’ using knitr Error: processing vignette 'groupedSurv.Rnw' failed with diagnostics: Running 'texi2dvi' on 'groupedSurv.tex' failed. LaTeX errors: ! Undefined control sequence. l.7 \hlkwd{thetaEst}\hldef {(}\hlkwc{Z}\hldef{=}\hlkwa{NULL}\hldef{, gtime, d... ? ! Emergency stop. l.7 End of file on the terminal! ! ==> Fatal error occurred, no output PDF file produced! --- failed re-building ‘groupedSurv.Rnw’ SUMMARY: processing the following file failed: ‘groupedSurv.Rnw’ Error: Vignette re-building failed. Execution halted Flavor: r-release-macos-x86_64