CRAN Package Check Results for Package glottospace

Last updated on 2024-07-20 18:57:31 CEST.

Flavor Version Tinstall Tcheck Ttotal Status Flags
r-devel-linux-x86_64-debian-clang 0.0.112 9.89 72.38 82.27 OK
r-devel-linux-x86_64-debian-gcc 0.0.112 8.43 52.28 60.71 OK
r-devel-linux-x86_64-fedora-clang 0.0.112 111.10 NOTE
r-devel-linux-x86_64-fedora-gcc 0.0.112 102.53 NOTE
r-devel-windows-x86_64 0.0.112 12.00 70.00 82.00 OK
r-patched-linux-x86_64 0.0.112 8.94 67.28 76.22 OK
r-release-linux-x86_64 0.0.112 7.19 67.10 74.29 OK
r-release-macos-arm64 0.0.112 35.00 OK
r-release-macos-x86_64 0.0.112 59.00 OK
r-release-windows-x86_64 0.0.112 13.00 72.00 85.00 OK
r-oldrel-macos-arm64 0.0.112 37.00 OK
r-oldrel-macos-x86_64 0.0.112 59.00 OK
r-oldrel-windows-x86_64 0.0.112 17.00 82.00 99.00 OK

Check Details

Version: 0.0.112
Check: dependencies in R code
Result: NOTE Namespace in Imports field not imported from: ‘rnaturalearthdata’ All declared Imports should be used. Flavors: r-devel-linux-x86_64-fedora-clang, r-devel-linux-x86_64-fedora-gcc

Version: 0.0.112
Check: data for non-ASCII characters
Result: NOTE Note: found 1191 marked UTF-8 strings Flavors: r-devel-linux-x86_64-fedora-clang, r-devel-linux-x86_64-fedora-gcc