CRAN Package Check Results for Package globals

Last updated on 2024-07-16 18:49:10 CEST.

Flavor Version Tinstall Tcheck Ttotal Status Flags
r-devel-linux-x86_64-debian-clang 0.16.3 3.39 38.50 41.89 OK
r-devel-linux-x86_64-debian-gcc 0.16.3 3.01 29.06 32.07 OK
r-devel-linux-x86_64-fedora-clang 0.16.3 53.76 OK
r-devel-linux-x86_64-fedora-gcc 0.16.3 52.17 OK
r-devel-windows-x86_64 0.16.3 4.00 50.00 54.00 NOTE
r-patched-linux-x86_64 0.16.3 3.43 37.08 40.51 OK
r-release-linux-x86_64 0.16.3 3.05 36.03 39.08 OK
r-release-macos-arm64 0.16.3 21.00 OK
r-release-macos-x86_64 0.16.3 31.00 OK
r-release-windows-x86_64 0.16.3 5.00 49.00 54.00 OK
r-oldrel-macos-arm64 0.16.3 38.00 OK
r-oldrel-macos-x86_64 0.16.3 65.00 OK
r-oldrel-windows-x86_64 0.16.3 6.00 51.00 57.00 OK

Check Details

Version: 0.16.3
Check: Rd cross-references
Result: NOTE Found the following Rd file(s) with Rd \link{} targets missing package anchors: globalsOf.Rd: codetools Please provide package anchors for all Rd \link{} targets not in the package itself and the base packages. Flavor: r-devel-windows-x86_64