CRAN Package Check Results for Package globalOptTests

Last updated on 2024-07-13 06:49:38 CEST.

Flavor Version Tinstall Tcheck Ttotal Status Flags
r-devel-linux-x86_64-debian-clang 1.1 2.49 20.48 22.97 NOTE
r-devel-linux-x86_64-debian-gcc 1.1 2.19 16.43 18.62 NOTE
r-devel-linux-x86_64-fedora-clang 1.1 31.83 NOTE
r-devel-linux-x86_64-fedora-gcc 1.1 30.21 NOTE
r-devel-windows-x86_64 1.1 5.00 40.00 45.00 NOTE
r-patched-linux-x86_64 1.1 2.51 20.77 23.28 NOTE
r-release-linux-x86_64 1.1 2.54 20.58 23.12 NOTE
r-release-macos-arm64 1.1 17.00 NOTE
r-release-macos-x86_64 1.1 20.00 NOTE
r-release-windows-x86_64 1.1 6.00 37.00 43.00 NOTE
r-oldrel-macos-arm64 1.1 17.00 NOTE
r-oldrel-macos-x86_64 1.1 20.00 NOTE
r-oldrel-windows-x86_64 1.1 6.00 39.00 45.00 NOTE

Check Details

Version: 1.1
Check: DESCRIPTION meta-information
Result: NOTE Malformed Description field: should contain one or more complete sentences. Flavors: r-devel-linux-x86_64-debian-clang, r-devel-linux-x86_64-debian-gcc, r-devel-linux-x86_64-fedora-clang, r-devel-linux-x86_64-fedora-gcc, r-devel-windows-x86_64, r-patched-linux-x86_64, r-release-linux-x86_64, r-release-macos-arm64, r-release-macos-x86_64, r-release-windows-x86_64, r-oldrel-macos-arm64, r-oldrel-macos-x86_64, r-oldrel-windows-x86_64

Version: 1.1
Check: compiled code
Result: NOTE File ‘globalOptTests/libs/globalOptTests.so’: Found no calls to: ‘R_registerRoutines’, ‘R_useDynamicSymbols’ It is good practice to register native routines and to disable symbol search. See ‘Writing portable packages’ in the ‘Writing R Extensions’ manual. Flavors: r-devel-linux-x86_64-fedora-clang, r-devel-linux-x86_64-fedora-gcc