Last updated on 2025-01-21 07:49:13 CET.
Flavor | Version | Tinstall | Tcheck | Ttotal | Status | Flags |
---|---|---|---|---|---|---|
r-devel-linux-x86_64-debian-clang | 1.1.10 | 238.95 | 331.30 | 570.25 | OK | |
r-devel-linux-x86_64-debian-gcc | 1.1.10 | 182.91 | 250.60 | 433.51 | OK | |
r-devel-linux-x86_64-fedora-clang | 1.1.10 | 905.02 | OK | |||
r-devel-linux-x86_64-fedora-gcc | 1.1.10 | 1032.82 | OK | |||
r-devel-windows-x86_64 | 1.1.10 | 210.00 | 312.00 | 522.00 | OK | --no-vignettes |
r-patched-linux-x86_64 | 1.1.10 | 251.57 | 318.99 | 570.56 | OK | |
r-release-linux-x86_64 | 1.1.10 | 257.50 | 321.24 | 578.74 | OK | |
r-release-macos-arm64 | 1.1.10 | 260.00 | NOTE | |||
r-release-macos-x86_64 | 1.1.10 | 506.00 | NOTE | |||
r-release-windows-x86_64 | 1.1.10 | 212.00 | 306.00 | 518.00 | NOTE | --no-vignettes |
r-oldrel-macos-arm64 | 1.1.10 | 256.00 | NOTE | |||
r-oldrel-macos-x86_64 | 1.1.10 | 452.00 | NOTE | |||
r-oldrel-windows-x86_64 | 1.1.10 | 305.00 | 343.00 | 648.00 | NOTE | --no-vignettes |
Version: 1.1.10
Check: installed package size
Result: NOTE
installed size is 98.1Mb
sub-directories of 1Mb or more:
doc 1.3Mb
libs 91.6Mb
test_data 2.3Mb
vignette_data 2.1Mb
Flavors: r-release-macos-arm64, r-release-macos-x86_64, r-oldrel-macos-arm64, r-oldrel-macos-x86_64
Version: 1.1.10
Flags: --no-vignettes
Check: installed package size
Result: NOTE
installed size is 10.8Mb
sub-directories of 1Mb or more:
doc 1.3Mb
libs 4.4Mb
test_data 2.3Mb
vignette_data 2.1Mb
Flavors: r-release-windows-x86_64, r-oldrel-windows-x86_64