CRAN Package Check Results for Package ggseqlogo

Last updated on 2024-06-12 17:57:18 CEST.

Flavor Version Tinstall Tcheck Ttotal Status Flags
r-devel-linux-x86_64-debian-clang 0.2 5.84 54.44 60.28 OK
r-devel-linux-x86_64-debian-gcc 0.2 0.39 1.83 2.22 ERROR
r-devel-linux-x86_64-fedora-clang 0.2 80.19 OK
r-devel-linux-x86_64-fedora-gcc 0.2 87.22 OK
r-devel-windows-x86_64 0.2 6.00 61.00 67.00 OK
r-patched-linux-x86_64 0.2 9.70 52.77 62.47 OK
r-release-linux-x86_64 0.2 5.37 52.67 58.04 OK
r-release-macos-arm64 0.2 31.00 OK
r-release-macos-x86_64 0.2 48.00 OK
r-release-windows-x86_64 0.2 7.00 66.00 73.00 OK
r-oldrel-macos-arm64 0.2 39.00 OK
r-oldrel-macos-x86_64 0.2 58.00 OK
r-oldrel-windows-x86_64 0.2 7.00 68.00 75.00 OK

Check Details

Version: 0.2
Check: package dependencies
Result: ERROR Package required but not available: ‘ggplot2’ See section ‘The DESCRIPTION file’ in the ‘Writing R Extensions’ manual. Flavor: r-devel-linux-x86_64-debian-gcc