CRAN Package Check Results for Package ggseas

Last updated on 2024-07-13 18:55:34 CEST.

Flavor Version Tinstall Tcheck Ttotal Status Flags
r-devel-linux-x86_64-debian-clang 0.5.4 7.14 98.56 105.70 OK
r-devel-linux-x86_64-debian-gcc 0.5.4 5.58 72.12 77.70 OK
r-devel-linux-x86_64-fedora-clang 0.5.4 130.86 OK
r-devel-linux-x86_64-fedora-gcc 0.5.4 136.17 OK
r-devel-windows-x86_64 0.5.4 10.00 92.00 102.00 NOTE
r-patched-linux-x86_64 0.5.4 13.17 95.04 108.21 OK
r-release-linux-x86_64 0.5.4 7.49 94.74 102.23 OK
r-release-macos-arm64 0.5.4 38.00 OK
r-release-macos-x86_64 0.5.4 64.00 OK
r-release-windows-x86_64 0.5.4 9.00 92.00 101.00 OK
r-oldrel-macos-arm64 0.5.4 40.00 OK
r-oldrel-macos-x86_64 0.5.4 68.00 OK
r-oldrel-windows-x86_64 0.5.4 13.00 107.00 120.00 OK

Check Details

Version: 0.5.4
Check: Rd cross-references
Result: NOTE Found the following Rd file(s) with Rd \link{} targets missing package anchors: ggsdc.Rd: seas stat_decomp.Rd: aes, aes_, ggplot, fortify, borders stat_index.Rd: aes, aes_, ggplot, fortify, borders stat_rollapplyr.Rd: aes, aes_, ggplot, fortify, borders stat_seas.Rd: aes, aes_, ggplot, fortify, borders, seas stat_stl.Rd: aes, aes_, ggplot, fortify, borders Please provide package anchors for all Rd \link{} targets not in the package itself and the base packages. Flavor: r-devel-windows-x86_64