CRAN Package Check Results for Package ggrastr

Last updated on 2024-07-19 06:50:15 CEST.

Flavor Version Tinstall Tcheck Ttotal Status Flags
r-devel-linux-x86_64-debian-clang 1.0.2 6.15 336.19 342.34 OK
r-devel-linux-x86_64-debian-gcc 1.0.2 4.56 258.45 263.01 OK
r-devel-linux-x86_64-fedora-clang 1.0.2 444.18 NOTE
r-devel-linux-x86_64-fedora-gcc 1.0.2 444.32 OK
r-devel-windows-x86_64 1.0.2 8.00 307.00 315.00 OK
r-patched-linux-x86_64 1.0.2 6.79 338.19 344.98 OK
r-release-linux-x86_64 1.0.2 5.20 336.82 342.02 OK
r-release-macos-arm64 1.0.2 147.00 OK
r-release-macos-x86_64 1.0.2 262.00 OK
r-release-windows-x86_64 1.0.2 7.00 305.00 312.00 OK
r-oldrel-macos-arm64 1.0.2 153.00 OK
r-oldrel-macos-x86_64 1.0.2 362.00 OK
r-oldrel-windows-x86_64 1.0.2 8.00 521.00 529.00 OK

Check Details

Version: 1.0.2
Check: Rd cross-references
Result: NOTE Undeclared package ‘vipor’ in Rd xrefs Flavor: r-devel-linux-x86_64-fedora-clang