CRAN Package Check Results for Package ggpattern

Last updated on 2024-07-16 07:01:39 CEST.

Flavor Version Tinstall Tcheck Ttotal Status Flags
r-devel-linux-x86_64-debian-clang 1.1.1 11.38 181.39 192.77 OK
r-devel-linux-x86_64-debian-gcc 1.1.1 7.91 135.93 143.84 OK
r-devel-linux-x86_64-fedora-clang 1.1.1 246.66 OK
r-devel-linux-x86_64-fedora-gcc 1.1.1 238.78 OK
r-devel-windows-x86_64 1.1.1 10.00 141.00 151.00 NOTE
r-patched-linux-x86_64 1.1.1 13.33 169.61 182.94 OK
r-release-linux-x86_64 1.1.1 7.82 173.21 181.03 OK
r-release-macos-arm64 1.1.1 68.00 OK
r-release-macos-x86_64 1.1.1 151.00 OK
r-release-windows-x86_64 1.1.1 10.00 139.00 149.00 OK
r-oldrel-macos-arm64 1.1.1 85.00 OK
r-oldrel-macos-x86_64 1.1.1 164.00 OK
r-oldrel-windows-x86_64 1.1.1 13.00 172.00 185.00 OK

Check Details

Version: 1.1.1
Check: Rd cross-references
Result: NOTE Found the following Rd file(s) with Rd \link{} targets missing package anchors: draw_key_polygon_pattern.Rd: layer scale_pattern_alpha_continuous.Rd: continuous_scale, binned_scale, discrete_scale scale_pattern_colour_brewer.Rd: discrete_scale, continuous_scale, binned_scale scale_pattern_colour_viridis_d.Rd: discrete_scale, continuous_scale, binned_scale Please provide package anchors for all Rd \link{} targets not in the package itself and the base packages. Flavor: r-devel-windows-x86_64