CRAN Package Check Results for Package ggfun

Last updated on 2024-06-13 17:49:12 CEST.

Flavor Version Tinstall Tcheck Ttotal Status Flags
r-devel-linux-x86_64-debian-clang 0.1.5 5.86 73.32 79.18 OK
r-devel-linux-x86_64-debian-gcc 0.1.5 0.37 1.84 2.21 ERROR
r-devel-linux-x86_64-fedora-clang 0.1.5 108.58 OK
r-devel-linux-x86_64-fedora-gcc 0.1.5 102.16 OK
r-devel-windows-x86_64 0.1.5 7.00 73.00 80.00 OK
r-patched-linux-x86_64 0.1.5 7.98 71.04 79.02 OK
r-release-linux-x86_64 0.1.5 5.80 68.50 74.30 OK
r-release-macos-arm64 0.1.5 42.00 OK
r-release-macos-x86_64 0.1.5 76.00 OK
r-release-windows-x86_64 0.1.5 8.00 72.00 80.00 OK
r-oldrel-macos-arm64 0.1.5 40.00 OK
r-oldrel-macos-x86_64 0.1.5 82.00 OK
r-oldrel-windows-x86_64 0.1.5 8.00 84.00 92.00 OK

Check Details

Version: 0.1.5
Check: package dependencies
Result: ERROR Packages required but not available: 'dplyr', 'ggplot2' Packages suggested but not available for checking: 'ggplotify', 'tidyr', 'ggnewscale' See section ‘The DESCRIPTION file’ in the ‘Writing R Extensions’ manual. Flavor: r-devel-linux-x86_64-debian-gcc