CRAN Package Check Results for Package ggformula

Last updated on 2024-07-18 18:48:11 CEST.

Flavor Version Tinstall Tcheck Ttotal Status Flags
r-devel-linux-x86_64-debian-clang 0.12.0 20.10 275.41 295.51 OK
r-devel-linux-x86_64-debian-gcc 0.12.0 19.07 197.95 217.02 OK
r-devel-linux-x86_64-fedora-clang 0.12.0 360.69 NOTE
r-devel-linux-x86_64-fedora-gcc 0.12.0 349.32 OK
r-devel-windows-x86_64 0.12.0 18.00 208.00 226.00 NOTE
r-patched-linux-x86_64 0.12.0 29.88 258.68 288.56 OK
r-release-linux-x86_64 0.12.0 18.13 251.44 269.57 OK
r-release-macos-arm64 0.12.0 97.00 OK
r-release-macos-x86_64 0.12.0 152.00 OK
r-release-windows-x86_64 0.12.0 17.00 205.00 222.00 OK
r-oldrel-macos-arm64 0.12.0 94.00 OK
r-oldrel-macos-x86_64 0.12.0 219.00 OK
r-oldrel-windows-x86_64 0.12.0 25.00 270.00 295.00 OK

Check Details

Version: 0.12.0
Check: Rd cross-references
Result: NOTE Undeclared packages ‘akima’, ‘ggforce’ in Rd xrefs Flavor: r-devel-linux-x86_64-fedora-clang

Version: 0.12.0
Check: Rd cross-references
Result: NOTE Found the following Rd file(s) with Rd \link{} targets missing package anchors: geom_spline.Rd: geom_smooth, aes, aes_string gf_ash.Rd: aes, aes_, facet_wrap, facet_grid, geom_histogram gf_bar.Rd: facet_wrap, facet_grid gf_bin2d.Rd: facet_wrap, facet_grid gf_blank.Rd: facet_wrap, facet_grid gf_boxplot.Rd: facet_wrap, facet_grid gf_col.Rd: facet_wrap, facet_grid gf_contour.Rd: facet_wrap, facet_grid gf_count.Rd: facet_wrap, facet_grid gf_crossbar.Rd: facet_wrap, facet_grid gf_curve.Rd: facet_wrap, facet_grid gf_density.Rd: facet_wrap, facet_grid gf_density_2d.Rd: facet_wrap, facet_grid gf_dotplot.Rd: facet_wrap, facet_grid gf_facet_grid.Rd: facet_wrap, facet_grid gf_fitdistr.Rd: facet_wrap, facet_grid gf_freqpoly.Rd: facet_wrap, facet_grid gf_hex.Rd: facet_wrap, facet_grid gf_histogram.Rd: facet_wrap, facet_grid gf_jitter.Rd: facet_wrap, facet_grid gf_line.Rd: facet_wrap, facet_grid gf_point.Rd: facet_wrap, facet_grid gf_polygon.Rd: facet_wrap, facet_grid gf_qq.Rd: facet_wrap, facet_grid gf_quantile.Rd: facet_wrap, facet_grid gf_raster.Rd: facet_wrap, facet_grid gf_rect.Rd: facet_wrap, facet_grid gf_rug.Rd: facet_wrap, facet_grid gf_segment.Rd: facet_wrap, facet_grid gf_sf.Rd: facet_wrap, facet_grid gf_sina.Rd: facet_wrap, facet_grid gf_smooth.Rd: facet_wrap, facet_grid gf_spline.Rd: facet_wrap, facet_grid gf_spoke.Rd: facet_wrap, facet_grid gf_step.Rd: facet_wrap, facet_grid gf_text.Rd: facet_wrap, facet_grid gf_theme.Rd: theme_minimal gf_tile.Rd: facet_wrap, facet_grid gf_violin.Rd: facet_wrap, facet_grid ggformula-ggproto.Rd: stat_qq ggformula.Rd: facet_wrap, facet_grid stat_qqline.Rd: aes, aes_string Please provide package anchors for all Rd \link{} targets not in the package itself and the base packages. Flavor: r-devel-windows-x86_64