Last updated on 2025-06-19 12:48:45 CEST.
Flavor | Version | Tinstall | Tcheck | Ttotal | Status | Flags |
---|---|---|---|---|---|---|
r-devel-linux-x86_64-debian-clang | 1.0.3 | 2.45 | 160.14 | 162.59 | NOTE | |
r-devel-linux-x86_64-debian-gcc | 1.0.3 | 2.55 | 99.46 | 102.01 | NOTE | |
r-devel-linux-x86_64-fedora-clang | 1.0.3 | 237.44 | OK | |||
r-devel-linux-x86_64-fedora-gcc | 1.0.3 | 262.71 | OK | |||
r-devel-windows-x86_64 | 1.0.3 | 6.00 | 174.00 | 180.00 | OK | |
r-patched-linux-x86_64 | 1.0.3 | 3.58 | 152.26 | 155.84 | OK | |
r-release-linux-x86_64 | 1.0.3 | 3.75 | 153.21 | 156.96 | OK | |
r-release-macos-arm64 | 1.0.3 | 92.00 | OK | |||
r-release-macos-x86_64 | 1.0.3 | 175.00 | OK | |||
r-release-windows-x86_64 | 1.0.3 | 6.00 | 175.00 | 181.00 | OK | |
r-oldrel-macos-arm64 | 1.0.3 | 76.00 | OK | |||
r-oldrel-macos-x86_64 | 1.0.3 | 134.00 | OK | |||
r-oldrel-windows-x86_64 | 1.0.3 | 6.00 | 233.00 | 239.00 | OK |
Version: 1.0.3
Check: CRAN incoming feasibility
Result: NOTE
Maintainer: ‘Lindsay Rutter <ggenealogypackage@gmail.com>’
No Authors@R field in DESCRIPTION.
Please add one, modifying
Authors@R: c(person(given = "Lindsay",
family = "Rutter",
role = c("aut", "cre"),
email = "ggenealogypackage@gmail.com"),
person(given = "Susan",
family = "Vanderplas",
role = "aut"),
person(given = "Di",
family = "Cook",
role = "aut"))
as necessary.
Flavors: r-devel-linux-x86_64-debian-clang, r-devel-linux-x86_64-debian-gcc