CRAN Package Check Results for Package ggalt

Last updated on 2024-07-19 06:50:15 CEST.

Flavor Version Tinstall Tcheck Ttotal Status Flags
r-devel-linux-x86_64-debian-clang 0.4.0 11.45 129.94 141.39 NOTE
r-devel-linux-x86_64-debian-gcc 0.4.0 6.92 98.34 105.26 NOTE
r-devel-linux-x86_64-fedora-clang 0.4.0 176.83 NOTE
r-devel-linux-x86_64-fedora-gcc 0.4.0 174.08 NOTE
r-devel-windows-x86_64 0.4.0 9.00 105.00 114.00 NOTE
r-patched-linux-x86_64 0.4.0 15.31 121.45 136.76 NOTE
r-release-linux-x86_64 0.4.0 6.59 122.94 129.53 NOTE
r-release-macos-arm64 0.4.0 50.00 NOTE
r-release-macos-x86_64 0.4.0 78.00 NOTE
r-release-windows-x86_64 0.4.0 10.00 111.00 121.00 NOTE
r-oldrel-macos-arm64 0.4.0 61.00 NOTE
r-oldrel-macos-x86_64 0.4.0 89.00 NOTE
r-oldrel-windows-x86_64 0.4.0 12.00 125.00 137.00 NOTE

Check Details

Version: 0.4.0
Check: LazyData
Result: NOTE 'LazyData' is specified without a 'data' directory Flavors: r-devel-linux-x86_64-debian-clang, r-devel-linux-x86_64-debian-gcc, r-devel-linux-x86_64-fedora-clang, r-devel-linux-x86_64-fedora-gcc, r-devel-windows-x86_64, r-patched-linux-x86_64, r-release-linux-x86_64, r-release-macos-arm64, r-release-macos-x86_64, r-release-windows-x86_64, r-oldrel-macos-arm64, r-oldrel-macos-x86_64, r-oldrel-windows-x86_64

Version: 0.4.0
Check: dependencies in R code
Result: NOTE Namespace in Imports field not imported from: ‘plotly’ All declared Imports should be used. Flavors: r-devel-linux-x86_64-fedora-clang, r-devel-linux-x86_64-fedora-gcc

Version: 0.4.0
Check: Rd cross-references
Result: NOTE Found the following Rd file(s) with Rd \link{} targets missing package anchors: geom_bkde.Rd: aes, aes_, ggplot, fortify, borders, layer, geom_histogram, geom_freqpoly, geom_violin geom_bkde2d.Rd: aes, aes_, ggplot, fortify, borders, layer, stat_contour, geom_contour, stat_sum geom_cartogram.Rd: aes, aes_, ggplot, fortify, layer, borders geom_dumbbell.Rd: aes, aes_, ggplot, fortify, layer, borders geom_lollipop.Rd: aes, aes_, ggplot, fortify, layer, borders geom_stateface.Rd: aes, aes_, ggplot, fortify, layer, borders geom_xspline.Rd: aes, aes_, ggplot, fortify, borders, layer geom_xspline2.Rd: aes, aes_, ggplot, fortify, borders, layer stat_ash.Rd: aes, aes_, ggplot, fortify, borders, layer stat_stepribbon.Rd: aes, aes_, ggplot, fortify, borders, layer Please provide package anchors for all Rd \link{} targets not in the package itself and the base packages. Flavor: r-devel-windows-x86_64