CRAN Package Check Results for Package ggTimeSeries

Last updated on 2024-07-18 18:48:11 CEST.

Flavor Version Tinstall Tcheck Ttotal Status Flags
r-devel-linux-x86_64-debian-clang 1.0.2 7.46 78.34 85.80 NOTE
r-devel-linux-x86_64-debian-gcc 1.0.2 4.67 58.40 63.07 NOTE
r-devel-linux-x86_64-fedora-clang 1.0.2 107.89 NOTE
r-devel-linux-x86_64-fedora-gcc 1.0.2 111.93 NOTE
r-devel-windows-x86_64 1.0.2 8.00 76.00 84.00 NOTE
r-patched-linux-x86_64 1.0.2 7.58 74.39 81.97 NOTE
r-release-linux-x86_64 1.0.2 5.95 74.41 80.36 NOTE
r-release-macos-arm64 1.0.2 38.00 NOTE
r-release-macos-x86_64 1.0.2 56.00 NOTE
r-release-windows-x86_64 1.0.2 7.00 74.00 81.00 NOTE
r-oldrel-macos-arm64 1.0.2 38.00 NOTE
r-oldrel-macos-x86_64 1.0.2 61.00 NOTE
r-oldrel-windows-x86_64 1.0.2 9.00 87.00 96.00 NOTE

Check Details

Version: 1.0.2
Check: package subdirectories
Result: NOTE Problems with news in ‘NEWS.md’: Cannot extract version info from the following section titles: Win CRAN check results - R Windows Flavors: r-devel-linux-x86_64-debian-clang, r-devel-linux-x86_64-debian-gcc, r-devel-linux-x86_64-fedora-clang, r-devel-linux-x86_64-fedora-gcc, r-devel-windows-x86_64, r-patched-linux-x86_64, r-release-linux-x86_64, r-release-macos-arm64, r-release-macos-x86_64, r-release-windows-x86_64, r-oldrel-macos-arm64, r-oldrel-macos-x86_64, r-oldrel-windows-x86_64