CRAN Package Check Results for Package geodimension

Last updated on 2024-06-13 05:59:05 CEST.

Flavor Version Tinstall Tcheck Ttotal Status Flags
r-devel-linux-x86_64-debian-clang 2.0.0 11.04 137.54 148.58 OK
r-devel-linux-x86_64-debian-gcc 2.0.0 0.64 1.69 2.33 ERROR
r-devel-linux-x86_64-fedora-clang 2.0.0 183.43 NOTE
r-devel-linux-x86_64-fedora-gcc 2.0.0 190.32 NOTE
r-devel-windows-x86_64 2.0.0 12.00 118.00 130.00 OK
r-patched-linux-x86_64 2.0.0 11.12 130.16 141.28 OK
r-release-linux-x86_64 2.0.0 9.58 134.19 143.77 OK
r-release-macos-arm64 2.0.0 59.00 OK
r-release-macos-x86_64 2.0.0 90.00 OK
r-release-windows-x86_64 2.0.0 12.00 117.00 129.00 OK
r-oldrel-macos-arm64 2.0.0 71.00 OK
r-oldrel-macos-x86_64 2.0.0 134.00 OK
r-oldrel-windows-x86_64 2.0.0 14.00 144.00 158.00 OK

Check Details

Version: 2.0.0
Check: package dependencies
Result: ERROR Packages required but not available: 'dplyr', 'snakecase', 'tibble', 'tidyselect' Package suggested but not available for checking: ‘testthat’ See section ‘The DESCRIPTION file’ in the ‘Writing R Extensions’ manual. Flavor: r-devel-linux-x86_64-debian-gcc

Version: 2.0.0
Check: data for non-ASCII characters
Result: NOTE Note: found 4828 marked UTF-8 strings Flavors: r-devel-linux-x86_64-fedora-clang, r-devel-linux-x86_64-fedora-gcc