CRAN Package Check Results for Package gateR

Last updated on 2024-07-20 06:49:20 CEST.

Flavor Version Tinstall Tcheck Ttotal Status Flags
r-devel-linux-x86_64-debian-clang 0.1.15 56.96 511.82 568.78 OK
r-devel-linux-x86_64-debian-gcc 0.1.15 38.13 363.81 401.94 OK
r-devel-linux-x86_64-fedora-clang 0.1.15 707.17 OK
r-devel-linux-x86_64-fedora-gcc 0.1.15 729.74 OK
r-devel-windows-x86_64 0.1.15 29.00 258.00 287.00 NOTE
r-patched-linux-x86_64 0.1.15 39.30 498.23 537.53 OK
r-release-linux-x86_64 0.1.15 37.41 487.51 524.92 OK
r-release-macos-arm64 0.1.15 276.00 OK
r-release-macos-x86_64 0.1.15 271.00 OK
r-release-windows-x86_64 0.1.15 28.00 250.00 278.00 OK
r-oldrel-macos-arm64 0.1.15 157.00 OK
r-oldrel-macos-x86_64 0.1.15 358.00 OK
r-oldrel-windows-x86_64 0.1.15 38.00 325.00 363.00 OK

Check Details

Version: 0.1.15
Check: Rd cross-references
Result: NOTE Found the following Rd file(s) with Rd \link{} targets missing package anchors: gateR-package.Rd: sparr, spatstat.geom, terra Please provide package anchors for all Rd \link{} targets not in the package itself and the base packages. Flavor: r-devel-windows-x86_64