CRAN Package Check Results for Package gamlss.spatial

Last updated on 2025-01-24 07:49:17 CET.

Flavor Version Tinstall Tcheck Ttotal Status Flags
r-devel-linux-x86_64-debian-clang 3.0-2 9.23 81.16 90.39 NOTE
r-devel-linux-x86_64-debian-gcc 3.0-2 7.85 58.65 66.50 NOTE
r-devel-linux-x86_64-fedora-clang 3.0-2 155.04 OK
r-devel-linux-x86_64-fedora-gcc 3.0-2 137.04 OK
r-devel-windows-x86_64 3.0-2 12.00 83.00 95.00 NOTE
r-patched-linux-x86_64 3.0-2 9.75 75.94 85.69 OK
r-release-linux-x86_64 3.0-2 10.65 76.54 87.19 OK
r-release-macos-arm64 3.0-2 38.00 OK
r-release-macos-x86_64 3.0-2 62.00 OK
r-release-windows-x86_64 3.0-2 11.00 83.00 94.00 OK
r-oldrel-macos-arm64 3.0-2 44.00 OK
r-oldrel-macos-x86_64 3.0-2 85.00 OK
r-oldrel-windows-x86_64 3.0-2 15.00 107.00 122.00 OK

Check Details

Version: 3.0-2
Check: Rd cross-references
Result: NOTE Found the following Rd file(s) with Rd \link{} targets missing package anchors: MRF.Rd: mrf Please provide package anchors for all Rd \link{} targets not in the package itself and the base packages. Flavors: r-devel-linux-x86_64-debian-clang, r-devel-linux-x86_64-debian-gcc, r-devel-windows-x86_64