CRAN Package Check Results for Package gamblers.ruin.gameplay

Last updated on 2024-06-14 05:58:23 CEST.

Flavor Version Tinstall Tcheck Ttotal Status Flags
r-devel-linux-x86_64-debian-clang 4.0.5 5.71 59.08 64.79 OK
r-devel-linux-x86_64-debian-gcc 4.0.5 0.32 1.60 1.92 ERROR
r-devel-linux-x86_64-fedora-clang 4.0.5 84.42 OK
r-devel-linux-x86_64-fedora-gcc 4.0.5 78.63 OK
r-devel-windows-x86_64 4.0.5 8.00 64.00 72.00 OK
r-patched-linux-x86_64 4.0.5 6.48 57.49 63.97 OK
r-release-linux-x86_64 4.0.5 4.92 55.91 60.83 OK
r-release-macos-arm64 4.0.5 27.00 OK
r-release-macos-x86_64 4.0.5 40.00 OK
r-release-windows-x86_64 4.0.5 9.00 87.00 96.00 OK
r-oldrel-macos-arm64 4.0.5 25.00 OK
r-oldrel-macos-x86_64 4.0.5 43.00 OK
r-oldrel-windows-x86_64 4.0.5 9.00 72.00 81.00 OK

Check Details

Version: 4.0.5
Check: package dependencies
Result: ERROR Packages required but not available: 'ggplot2', 'hrbrthemes', 'gganimate', 'viridis' See section ‘The DESCRIPTION file’ in the ‘Writing R Extensions’ manual. Flavor: r-devel-linux-x86_64-debian-gcc