CRAN Package Check Results for Package gafit

Last updated on 2024-07-23 07:07:14 CEST.

Flavor Version Tinstall Tcheck Ttotal Status Flags
r-devel-linux-x86_64-debian-clang 0.5.1 2.31 20.19 22.50 NOTE
r-devel-linux-x86_64-debian-gcc 0.5.1 1.78 15.49 17.27 NOTE
r-devel-linux-x86_64-fedora-clang 0.5.1 29.74 NOTE
r-devel-linux-x86_64-fedora-gcc 0.5.1 27.79 NOTE
r-devel-windows-x86_64 0.5.1 4.00 42.00 46.00 NOTE
r-patched-linux-x86_64 0.5.1 2.59 19.29 21.88 OK
r-release-linux-x86_64 0.5.1 2.63 18.85 21.48 OK
r-release-macos-arm64 0.5.1 15.00 OK
r-release-macos-x86_64 0.5.1 30.00 OK
r-release-windows-x86_64 0.5.1 4.00 42.00 46.00 OK
r-oldrel-macos-arm64 0.5.1 17.00 OK
r-oldrel-macos-x86_64 0.5.1 20.00 OK
r-oldrel-windows-x86_64 0.5.1 6.00 41.00 47.00 OK

Check Details

Version: 0.5.1
Check: compiled code
Result: NOTE File ‘gafit/libs/gafit.so’: Found non-API calls to R: ‘FRAME’, ‘HASHTAB’ Compiled code should not call non-API entry points in R. See ‘Writing portable packages’ in the ‘Writing R Extensions’ manual, and section ‘Moving into C API compliance’ for issues with the use of non-API entry points. Flavors: r-devel-linux-x86_64-debian-clang, r-devel-linux-x86_64-debian-gcc

Version: 0.5.1
Check: compiled code
Result: NOTE File ‘gafit/libs/gafit.so’: Found non-API calls to R: ‘FRAME’, ‘HASHTAB’ File ‘gafit/libs/gafit.so’: Found no calls to: ‘R_registerRoutines’, ‘R_useDynamicSymbols’ Compiled code should not call non-API entry points in R. It is good practice to register native routines and to disable symbol search. See ‘Writing portable packages’ in the ‘Writing R Extensions’ manual, and section ‘Moving into C API compliance’ for issues with the use of non-API entry points. Flavors: r-devel-linux-x86_64-fedora-clang, r-devel-linux-x86_64-fedora-gcc

Version: 0.5.1
Check: compiled code
Result: NOTE File 'gafit/libs/x64/gafit.dll': Found non-API calls to R: 'FRAME', 'HASHTAB' Compiled code should not call non-API entry points in R. See 'Writing portable packages' in the 'Writing R Extensions' manual, and section 'Moving into C API compliance' for issues with the use of non-API entry points. Flavor: r-devel-windows-x86_64