CRAN Package Check Results for Package gRbase

Last updated on 2025-01-20 19:49:15 CET.

Flavor Version Tinstall Tcheck Ttotal Status Flags
r-devel-linux-x86_64-debian-clang 2.0.3 191.20 111.12 302.32 OK
r-devel-linux-x86_64-debian-gcc 2.0.3 142.71 78.79 221.50 OK
r-devel-linux-x86_64-fedora-clang 2.0.3 575.29 OK
r-devel-linux-x86_64-fedora-gcc 2.0.3 623.38 OK
r-devel-windows-x86_64 2.0.3 198.00 154.00 352.00 OK
r-patched-linux-x86_64 2.0.3 202.06 106.22 308.28 OK
r-release-linux-x86_64 2.0.3 200.26 105.47 305.73 OK
r-release-macos-arm64 2.0.3 127.00 NOTE
r-release-macos-x86_64 2.0.3 183.00 NOTE
r-release-windows-x86_64 2.0.3 207.00 156.00 363.00 NOTE
r-oldrel-macos-arm64 2.0.3 125.00 NOTE
r-oldrel-macos-x86_64 2.0.3 173.00 NOTE
r-oldrel-windows-x86_64 2.0.3 236.00 193.00 429.00 NOTE

Check Details

Version: 2.0.3
Check: installed package size
Result: NOTE installed size is 15.7Mb sub-directories of 1Mb or more: data 3.9Mb libs 10.5Mb Flavors: r-release-macos-arm64, r-release-macos-x86_64, r-release-windows-x86_64, r-oldrel-macos-arm64, r-oldrel-macos-x86_64, r-oldrel-windows-x86_64