CRAN Package Check Results for Package fuser

Last updated on 2024-07-24 06:57:15 CEST.

Flavor Version Tinstall Tcheck Ttotal Status Flags
r-devel-linux-x86_64-debian-clang 1.0.1 34.55 111.98 146.53 NOTE
r-devel-linux-x86_64-debian-gcc 1.0.1 26.63 89.77 116.40 NOTE
r-devel-linux-x86_64-fedora-clang 1.0.1 199.91 NOTE
r-devel-linux-x86_64-fedora-gcc 1.0.1 210.18 NOTE
r-devel-windows-x86_64 1.0.1 32.00 121.00 153.00 NOTE
r-patched-linux-x86_64 1.0.1 38.61 114.58 153.19 NOTE
r-release-linux-x86_64 1.0.1 33.25 114.36 147.61 NOTE
r-release-macos-arm64 1.0.1 74.00 NOTE
r-release-macos-x86_64 1.0.1 98.00 NOTE
r-release-windows-x86_64 1.0.1 34.00 119.00 153.00 NOTE
r-oldrel-macos-arm64 1.0.1 81.00 NOTE
r-oldrel-macos-x86_64 1.0.1 113.00 NOTE
r-oldrel-windows-x86_64 1.0.1 36.00 149.00 185.00 NOTE

Check Details

Version: 1.0.1
Check: LazyData
Result: NOTE 'LazyData' is specified without a 'data' directory Flavors: r-devel-linux-x86_64-debian-clang, r-devel-linux-x86_64-debian-gcc, r-devel-linux-x86_64-fedora-clang, r-devel-linux-x86_64-fedora-gcc, r-devel-windows-x86_64, r-patched-linux-x86_64, r-release-linux-x86_64, r-release-macos-arm64, r-release-macos-x86_64, r-release-windows-x86_64, r-oldrel-macos-arm64, r-oldrel-macos-x86_64, r-oldrel-windows-x86_64

Version: 1.0.1
Check: installed package size
Result: NOTE installed size is 7.3Mb sub-directories of 1Mb or more: libs 7.1Mb Flavors: r-release-macos-arm64, r-release-macos-x86_64, r-oldrel-macos-arm64