CRAN Package Check Results for Package furrr

Last updated on 2024-06-13 17:49:11 CEST.

Flavor Version Tinstall Tcheck Ttotal Status Flags
r-devel-linux-x86_64-debian-clang 0.3.1 4.74 140.03 144.77 OK
r-devel-linux-x86_64-debian-gcc 0.3.1 0.45 1.60 2.05 ERROR
r-devel-linux-x86_64-fedora-clang 0.3.1 178.19 OK
r-devel-linux-x86_64-fedora-gcc 0.3.1 169.17 OK
r-devel-windows-x86_64 0.3.1 5.00 207.00 212.00 OK
r-patched-linux-x86_64 0.3.1 6.42 132.37 138.79 OK
r-release-linux-x86_64 0.3.1 5.58 130.21 135.79 OK
r-release-macos-arm64 0.3.1 114.00 OK
r-release-macos-x86_64 0.3.1 185.00 OK
r-release-windows-x86_64 0.3.1 6.00 205.00 211.00 OK
r-oldrel-macos-arm64 0.3.1 115.00 OK
r-oldrel-macos-x86_64 0.3.1 199.00 OK
r-oldrel-windows-x86_64 0.3.1 8.00 257.00 265.00 OK

Check Details

Version: 0.3.1
Check: package dependencies
Result: ERROR Packages required but not available: 'purrr', 'vctrs' Packages suggested but not available for checking: 'dplyr', 'testthat', 'tidyselect' See section ‘The DESCRIPTION file’ in the ‘Writing R Extensions’ manual. Flavor: r-devel-linux-x86_64-debian-gcc