CRAN Package Check Results for Package fuel

Last updated on 2024-06-22 06:50:46 CEST.

Flavor Version Tinstall Tcheck Ttotal Status Flags
r-devel-linux-x86_64-debian-clang 1.2.0 2.40 29.10 31.50 NOTE
r-devel-linux-x86_64-debian-gcc 1.2.0 2.60 22.41 25.01 NOTE
r-devel-linux-x86_64-fedora-clang 1.2.0 41.23 NOTE
r-devel-linux-x86_64-fedora-gcc 1.2.0 38.49 NOTE
r-devel-windows-x86_64 1.2.0 3.00 54.00 57.00 NOTE
r-patched-linux-x86_64 1.2.0 2.64 28.17 30.81 NOTE
r-release-linux-x86_64 1.2.0 2.59 28.54 31.13 NOTE
r-release-macos-arm64 1.2.0 16.00 NOTE
r-release-macos-x86_64 1.2.0 24.00 NOTE
r-release-windows-x86_64 1.2.0 4.00 46.00 50.00 NOTE
r-oldrel-macos-arm64 1.2.0 18.00 NOTE
r-oldrel-macos-x86_64 1.2.0 23.00 NOTE
r-oldrel-windows-x86_64 1.2.0 6.00 48.00 54.00 NOTE

Check Details

Version: 1.2.0
Check: LazyData
Result: NOTE 'LazyData' is specified without a 'data' directory Flavors: r-devel-linux-x86_64-debian-clang, r-devel-linux-x86_64-debian-gcc, r-devel-linux-x86_64-fedora-clang, r-devel-linux-x86_64-fedora-gcc, r-devel-windows-x86_64, r-patched-linux-x86_64, r-release-linux-x86_64, r-release-macos-arm64, r-release-macos-x86_64, r-release-windows-x86_64, r-oldrel-macos-arm64, r-oldrel-macos-x86_64, r-oldrel-windows-x86_64