CRAN Package Check Results for Package fude

Last updated on 2024-06-14 05:58:23 CEST.

Flavor Version Tinstall Tcheck Ttotal Status Flags
r-devel-linux-x86_64-debian-clang 0.3.6 3.39 32.07 35.46 OK
r-devel-linux-x86_64-debian-gcc 0.3.6 0.46 1.64 2.10 ERROR
r-devel-linux-x86_64-fedora-clang 0.3.6 45.36 NOTE
r-devel-linux-x86_64-fedora-gcc 0.3.6 42.61 NOTE
r-devel-windows-x86_64 0.3.6 4.00 52.00 56.00 OK
r-patched-linux-x86_64 0.3.6 2.86 30.82 33.68 OK
r-release-linux-x86_64 0.3.6 2.13 30.98 33.11 OK
r-release-macos-arm64 0.3.6 21.00 OK
r-release-macos-x86_64 0.3.6 39.00 OK
r-release-windows-x86_64 0.3.6 5.00 54.00 59.00 OK
r-oldrel-macos-arm64 0.3.6 27.00 OK
r-oldrel-macos-x86_64 0.3.6 41.00 OK
r-oldrel-windows-x86_64 0.3.6 6.00 55.00 61.00 OK

Check Details

Version: 0.3.6
Check: package dependencies
Result: ERROR Packages required but not available: 'dplyr', 'tidyr', 'purrr', 'forcats' Package suggested but not available for checking: ‘testthat’ See section ‘The DESCRIPTION file’ in the ‘Writing R Extensions’ manual. Flavor: r-devel-linux-x86_64-debian-gcc

Version: 0.3.6
Check: data for non-ASCII characters
Result: NOTE Note: found 7921 marked UTF-8 strings Flavors: r-devel-linux-x86_64-fedora-clang, r-devel-linux-x86_64-fedora-gcc