CRAN Package Check Results for Package ftrCOOL

Last updated on 2024-06-23 17:53:56 CEST.

Flavor Version Tinstall Tcheck Ttotal Status Flags
r-devel-linux-x86_64-debian-clang 2.0.0 22.73 197.13 219.86 NOTE
r-devel-linux-x86_64-debian-gcc 2.0.0 18.38 139.26 157.64 NOTE
r-devel-linux-x86_64-fedora-clang 2.0.0 268.29 NOTE
r-devel-linux-x86_64-fedora-gcc 2.0.0 250.80 NOTE
r-devel-windows-x86_64 2.0.0 23.00 163.00 186.00 NOTE
r-patched-linux-x86_64 2.0.0 24.55 187.17 211.72 NOTE
r-release-linux-x86_64 2.0.0 25.37 188.50 213.87 NOTE
r-release-macos-arm64 2.0.0 58.00 NOTE
r-release-macos-x86_64 2.0.0 108.00 NOTE
r-release-windows-x86_64 2.0.0 21.00 167.00 188.00 NOTE
r-oldrel-macos-arm64 2.0.0 64.00 OK
r-oldrel-macos-x86_64 2.0.0 120.00 OK
r-oldrel-windows-x86_64 2.0.0 19.00 195.00 214.00 OK

Check Details

Version: 2.0.0
Check: Rd files
Result: NOTE checkRd: (-1) MMI_DNA.Rd:20: Lost braces; missing escapes or markup? 20 | MMI computes mutual information based on 2-mers T2 = { AA, AC, AG, AT, CC, CG, CT, GG, GT, TT} | ^ checkRd: (-1) MMI_DNA.Rd:21: Lost braces; missing escapes or markup? 21 | and 3-mers T3 = {AAA, AAC, AAG, AAT, ACC, ACG, ACT, AGG, AGT, ATT, CCC, CCG, CCT, CGG, CGT, CTT, GGG, GGT, GTT and TTT} | ^ checkRd: (-1) MMI_RNA.Rd:20: Lost braces; missing escapes or markup? 20 | MMI computes mutual information based on 2-mers T2 = { AA, AC, AG, AU, CC, CG, CU, GG, GU, U} | ^ checkRd: (-1) MMI_RNA.Rd:21: Lost braces; missing escapes or markup? 21 | and 3-mers T3 = {AAA, AAC, AAG, AAU, ACC, ACG, ACU, AGG, AGU, AUU, CCC, CCG, CCU, CGG, CGU, CUU, GGG, GGU, GUU and UUU} | ^ checkRd: (-1) binary_5bit_T1.Rd:40: Lost braces; missing escapes or markup? 40 | Then represent group of amino acids by a 5 dimentional vector i.e.{e1, e2, e3, e4, e5}. | ^ checkRd: (-1) binary_5bit_T1.Rd:41: Lost braces; missing escapes or markup? 41 | e1={G, A, V, L, M, I}, e2={F, Y, W}, e3={K, R, H}, e4={D, E}, e5={S, T, C, P, N, Q}. e1 is ecoded by 10000 | ^ checkRd: (-1) binary_5bit_T1.Rd:41: Lost braces; missing escapes or markup? 41 | e1={G, A, V, L, M, I}, e2={F, Y, W}, e3={K, R, H}, e4={D, E}, e5={S, T, C, P, N, Q}. e1 is ecoded by 10000 | ^ checkRd: (-1) binary_5bit_T1.Rd:41: Lost braces; missing escapes or markup? 41 | e1={G, A, V, L, M, I}, e2={F, Y, W}, e3={K, R, H}, e4={D, E}, e5={S, T, C, P, N, Q}. e1 is ecoded by 10000 | ^ checkRd: (-1) binary_5bit_T1.Rd:41: Lost braces; missing escapes or markup? 41 | e1={G, A, V, L, M, I}, e2={F, Y, W}, e3={K, R, H}, e4={D, E}, e5={S, T, C, P, N, Q}. e1 is ecoded by 10000 | ^ checkRd: (-1) binary_5bit_T1.Rd:41: Lost braces; missing escapes or markup? 41 | e1={G, A, V, L, M, I}, e2={F, Y, W}, e3={K, R, H}, e4={D, E}, e5={S, T, C, P, N, Q}. e1 is ecoded by 10000 | ^ checkRd: (-1) binary_6bit.Rd:40: Lost braces; missing escapes or markup? 40 | Then represent group of amino acids by a 6 dimentional vector i.e.{e1, e2, e3, e4, e5, e6}. | ^ checkRd: (-1) binary_6bit.Rd:41: Lost braces; missing escapes or markup? 41 | e1={H, R, K}, e2={D, E, N, D}, e3={C}, e4={S, T, P, A, G}, e5={M, I, L, V}, e6={F, Y, W}. | ^ checkRd: (-1) binary_6bit.Rd:41: Lost braces; missing escapes or markup? 41 | e1={H, R, K}, e2={D, E, N, D}, e3={C}, e4={S, T, P, A, G}, e5={M, I, L, V}, e6={F, Y, W}. | ^ checkRd: (-1) binary_6bit.Rd:41: Lost braces; missing escapes or markup? 41 | e1={H, R, K}, e2={D, E, N, D}, e3={C}, e4={S, T, P, A, G}, e5={M, I, L, V}, e6={F, Y, W}. | ^ checkRd: (-1) binary_6bit.Rd:41: Lost braces; missing escapes or markup? 41 | e1={H, R, K}, e2={D, E, N, D}, e3={C}, e4={S, T, P, A, G}, e5={M, I, L, V}, e6={F, Y, W}. | ^ checkRd: (-1) binary_6bit.Rd:41: Lost braces; missing escapes or markup? 41 | e1={H, R, K}, e2={D, E, N, D}, e3={C}, e4={S, T, P, A, G}, e5={M, I, L, V}, e6={F, Y, W}. | ^ checkRd: (-1) binary_6bit.Rd:41: Lost braces; missing escapes or markup? 41 | e1={H, R, K}, e2={D, E, N, D}, e3={C}, e4={S, T, P, A, G}, e5={M, I, L, V}, e6={F, Y, W}. | ^ Flavors: r-devel-linux-x86_64-debian-clang, r-devel-linux-x86_64-debian-gcc, r-devel-linux-x86_64-fedora-clang, r-devel-linux-x86_64-fedora-gcc, r-devel-windows-x86_64, r-patched-linux-x86_64, r-release-linux-x86_64, r-release-macos-arm64, r-release-macos-x86_64, r-release-windows-x86_64