CRAN Package Check Results for Package friends

Last updated on 2024-06-20 17:49:02 CEST.

Flavor Version Tinstall Tcheck Ttotal Status Flags
r-devel-linux-x86_64-debian-clang 0.1.0 4.54 34.95 39.49 OK
r-devel-linux-x86_64-debian-gcc 0.1.0 3.97 26.86 30.83 OK
r-devel-linux-x86_64-fedora-clang 0.1.0 52.71 NOTE
r-devel-linux-x86_64-fedora-gcc 0.1.0 49.57 NOTE
r-devel-windows-x86_64 0.1.0 6.00 47.00 53.00 OK
r-patched-linux-x86_64 0.1.0 5.59 34.88 40.47 OK
r-release-linux-x86_64 0.1.0 5.93 34.22 40.15 OK
r-release-macos-arm64 0.1.0 20.00 OK
r-release-macos-x86_64 0.1.0 30.00 OK
r-release-windows-x86_64 0.1.0 6.00 84.00 90.00 OK
r-oldrel-macos-arm64 0.1.0 22.00 OK
r-oldrel-macos-x86_64 0.1.0 30.00 OK
r-oldrel-windows-x86_64 0.1.0 8.00 52.00 60.00 OK

Check Details

Version: 0.1.0
Check: data for non-ASCII characters
Result: NOTE Note: found 50 marked UTF-8 strings Flavors: r-devel-linux-x86_64-fedora-clang, r-devel-linux-x86_64-fedora-gcc