CRAN Package Check Results for Package fpest

Last updated on 2024-06-21 17:58:10 CEST.

Flavor Version Tinstall Tcheck Ttotal Status Flags
r-devel-linux-x86_64-debian-clang 0.1.1 1.73 19.65 21.38 NOTE
r-devel-linux-x86_64-debian-gcc 0.1.1 1.42 15.29 16.71 NOTE
r-devel-linux-x86_64-fedora-clang 0.1.1 27.59 NOTE
r-devel-linux-x86_64-fedora-gcc 0.1.1 25.62 NOTE
r-devel-windows-x86_64 0.1.1 2.00 34.00 36.00 NOTE
r-patched-linux-x86_64 0.1.1 1.41 18.87 20.28 NOTE
r-release-linux-x86_64 0.1.1 1.98 19.21 21.19 NOTE
r-release-macos-arm64 0.1.1 14.00 NOTE
r-release-macos-x86_64 0.1.1 21.00 NOTE
r-release-windows-x86_64 0.1.1 3.00 33.00 36.00 NOTE
r-oldrel-macos-arm64 0.1.1 14.00 NOTE
r-oldrel-macos-x86_64 0.1.1 17.00 NOTE
r-oldrel-windows-x86_64 0.1.1 4.00 37.00 41.00 NOTE

Check Details

Version: 0.1.1
Check: LazyData
Result: NOTE 'LazyData' is specified without a 'data' directory Flavors: r-devel-linux-x86_64-debian-clang, r-devel-linux-x86_64-debian-gcc, r-devel-linux-x86_64-fedora-clang, r-devel-linux-x86_64-fedora-gcc, r-devel-windows-x86_64, r-patched-linux-x86_64, r-release-linux-x86_64, r-release-macos-arm64, r-release-macos-x86_64, r-release-windows-x86_64, r-oldrel-macos-arm64, r-oldrel-macos-x86_64, r-oldrel-windows-x86_64