CRAN Package Check Results for Package forecastSNSTS

Last updated on 2025-06-21 12:48:27 CEST.

Flavor Version Tinstall Tcheck Ttotal Status Flags
r-devel-linux-x86_64-debian-clang 1.3-0 19.42 31.59 51.01 NOTE
r-devel-linux-x86_64-debian-gcc 1.3-0 14.06 23.59 37.65 NOTE
r-devel-linux-x86_64-fedora-clang 1.3-0 87.91 OK
r-devel-linux-x86_64-fedora-gcc 1.3-0 80.16 OK
r-devel-windows-x86_64 1.3-0 24.00 73.00 97.00 OK
r-patched-linux-x86_64 1.3-0 20.37 29.35 49.72 OK
r-release-linux-x86_64 1.3-0 20.73 29.46 50.19 OK
r-release-macos-arm64 1.3-0 29.00 OK
r-release-macos-x86_64 1.3-0 42.00 OK
r-release-windows-x86_64 1.3-0 22.00 70.00 92.00 OK
r-oldrel-macos-arm64 1.3-0 28.00 NOTE
r-oldrel-macos-x86_64 1.3-0 37.00 NOTE
r-oldrel-windows-x86_64 1.3-0 25.00 85.00 110.00 NOTE

Check Details

Version: 1.3-0
Check: CRAN incoming feasibility
Result: NOTE Maintainer: ‘Tobias Kley <tobias.kley@bristol.ac.uk>’ The Description field contains <arXiv:1611.04460>. Please refer to arXiv e-prints via their arXiv DOI <doi:10.48550/arXiv.YYMM.NNNNN>. Flavors: r-devel-linux-x86_64-debian-clang, r-devel-linux-x86_64-debian-gcc

Version: 1.3-0
Check: LazyData
Result: NOTE 'LazyData' is specified without a 'data' directory Flavors: r-oldrel-macos-arm64, r-oldrel-macos-x86_64, r-oldrel-windows-x86_64