CRAN Package Check Results for Package folio

Last updated on 2024-07-24 18:53:51 CEST.

Flavor Version Tinstall Tcheck Ttotal Status Flags
r-devel-linux-x86_64-debian-clang 1.4.0 2.66 29.84 32.50 OK
r-devel-linux-x86_64-debian-gcc 1.4.0 2.32 22.75 25.07 OK
r-devel-linux-x86_64-fedora-clang 1.4.0 42.09 NOTE
r-devel-linux-x86_64-fedora-gcc 1.4.0 38.44 NOTE
r-devel-windows-x86_64 1.4.0 4.00 51.00 55.00 OK
r-patched-linux-x86_64 1.4.0 3.91 28.19 32.10 OK
r-release-linux-x86_64 1.4.0 3.04 28.59 31.63 OK
r-release-macos-arm64 1.4.0 17.00 OK
r-release-macos-x86_64 1.4.0 23.00 OK
r-release-windows-x86_64 1.4.0 4.00 50.00 54.00 OK
r-oldrel-macos-arm64 1.4.0 21.00 OK
r-oldrel-macos-x86_64 1.4.0 36.00 OK
r-oldrel-windows-x86_64 1.4.0 6.00 51.00 57.00 OK

Check Details

Version: 1.4.0
Check: data for non-ASCII characters
Result: NOTE Note: found 446 marked UTF-8 strings Flavors: r-devel-linux-x86_64-fedora-clang, r-devel-linux-x86_64-fedora-gcc