CRAN Package Check Results for Package fmdu

Last updated on 2024-06-13 05:59:04 CEST.

Flavor Version Tinstall Tcheck Ttotal Status Flags
r-devel-linux-x86_64-debian-clang 0.1.1 30.97 131.44 162.41 OK
r-devel-linux-x86_64-debian-gcc 0.1.1 0.36 1.76 2.12 ERROR
r-devel-linux-x86_64-fedora-clang 0.1.1 208.45 OK
r-devel-linux-x86_64-fedora-gcc 0.1.1 207.98 OK
r-devel-windows-x86_64 0.1.1 38.00 107.00 145.00 OK
r-patched-linux-x86_64 0.1.1 31.27 128.26 159.53 OK
r-release-linux-x86_64 0.1.1 32.55 129.95 162.50 OK
r-release-macos-arm64 0.1.1 57.00 OK
r-release-macos-x86_64 0.1.1 79.00 OK
r-release-windows-x86_64 0.1.1 37.00 108.00 145.00 OK
r-oldrel-macos-arm64 0.1.1 45.00 OK
r-oldrel-macos-x86_64 0.1.1 64.00 OK
r-oldrel-windows-x86_64 0.1.1 44.00 133.00 177.00 OK

Check Details

Version: 0.1.1
Check: package dependencies
Result: ERROR Package required but not available: ‘smacof’ See section ‘The DESCRIPTION file’ in the ‘Writing R Extensions’ manual. Flavor: r-devel-linux-x86_64-debian-gcc