CRAN Package Check Results for Package fixtuRes

Last updated on 2024-07-19 06:50:14 CEST.

Flavor Version Tinstall Tcheck Ttotal Status Flags
r-devel-linux-x86_64-debian-clang 0.1.3 7.37 60.46 67.83 NOTE
r-devel-linux-x86_64-debian-gcc 0.1.3 5.66 45.97 51.63 NOTE
r-devel-linux-x86_64-fedora-clang 0.1.3 94.60 NOTE
r-devel-linux-x86_64-fedora-gcc 0.1.3 93.41 NOTE
r-devel-windows-x86_64 0.1.3 9.00 74.00 83.00 NOTE
r-patched-linux-x86_64 0.1.3 6.98 58.33 65.31 NOTE
r-release-linux-x86_64 0.1.3 7.07 58.23 65.30 NOTE
r-release-macos-arm64 0.1.3 32.00 NOTE
r-release-macos-x86_64 0.1.3 58.00 NOTE
r-release-windows-x86_64 0.1.3 8.00 66.00 74.00 NOTE
r-oldrel-macos-arm64 0.1.3 34.00 OK
r-oldrel-macos-x86_64 0.1.3 51.00 OK
r-oldrel-windows-x86_64 0.1.3 9.00 73.00 82.00 OK

Check Details

Version: 0.1.3
Check: Rd files
Result: NOTE checkRd: (-1) distribution_vector.Rd:14: Lost braces; missing escapes or markup? 14 | All standard distributions from {stats} package are covered. For a list | ^ Flavors: r-devel-linux-x86_64-debian-clang, r-devel-linux-x86_64-debian-gcc, r-devel-linux-x86_64-fedora-clang, r-devel-linux-x86_64-fedora-gcc, r-devel-windows-x86_64, r-patched-linux-x86_64, r-release-linux-x86_64, r-release-macos-arm64, r-release-macos-x86_64, r-release-windows-x86_64