CRAN Package Check Results for Package fitPS

Last updated on 2024-06-14 05:58:22 CEST.

Flavor Version Tinstall Tcheck Ttotal Status Flags
r-devel-linux-x86_64-debian-clang 1.0.1 14.86 164.24 179.10 OK
r-devel-linux-x86_64-debian-gcc 1.0.1 0.44 1.88 2.32 ERROR
r-devel-linux-x86_64-fedora-clang 1.0.1 229.64 OK
r-devel-linux-x86_64-fedora-gcc 1.0.1 222.78 OK
r-devel-windows-x86_64 1.0.1 14.00 146.00 160.00 OK
r-patched-linux-x86_64 1.0.1 13.10 155.49 168.59 OK
r-release-linux-x86_64 1.0.1 10.79 157.18 167.97 OK
r-release-macos-arm64 1.0.1 67.00 OK
r-release-macos-x86_64 1.0.1 101.00 WARN
r-release-windows-x86_64 1.0.1 13.00 150.00 163.00 OK
r-oldrel-macos-arm64 1.0.1 72.00 OK
r-oldrel-macos-x86_64 1.0.1 168.00 OK
r-oldrel-windows-x86_64 1.0.1 19.00 169.00 188.00 OK

Check Details

Version: 1.0.1
Check: package dependencies
Result: ERROR Packages required but not available: 'dplyr', 'Hmisc', 'readxl' See section ‘The DESCRIPTION file’ in the ‘Writing R Extensions’ manual. Flavor: r-devel-linux-x86_64-debian-gcc

Version: 1.0.1
Check: re-building of vignette outputs
Result: WARN Error(s) in re-building vignettes: --- re-building ‘examples.Rnw’ using knitr Two-sided Wald test data: lau and jackson z = 1.1923, p-value = 0.2331 alternative hypothesis: true difference in shape parameters is not equal to 0 sample estimates: Shape of lau Shape of jackson 5.885919 4.533556 Error: processing vignette 'examples.Rnw' failed with diagnostics: Running 'texi2dvi' on 'examples.tex' failed. LaTeX errors: ! Undefined control sequence. l.78 \hldef {> }\hlkwd{data}\hldef{(}\hlsng{"Psurveys"}\hldef{)} ? ! Emergency stop. ! Emergency stop. l.78 End of file on the terminal! ! ==> Fatal error occurred, no output PDF file produced! --- failed re-building ‘examples.Rnw’ --- re-building ‘simple_P_fit.Rnw’ using knitr Error: processing vignette 'simple_P_fit.Rnw' failed with diagnostics: Running 'texi2dvi' on 'simple_P_fit.tex' failed. LaTeX errors: ! Undefined control sequence. l.89 \hldef {> }\hlkwd{data}\hldef{(}\hlsng{"Psurveys"}\hldef{)} ? ! Emergency stop. ! Emergency stop. l.89 End of file on the terminal! ! ==> Fatal error occurred, no output PDF file produced! --- failed re-building ‘simple_P_fit.Rnw’ SUMMARY: processing the following files failed: ‘examples.Rnw’ ‘simple_P_fit.Rnw’ Error: Vignette re-building failed. Execution halted Flavor: r-release-macos-x86_64