CRAN Package Check Results for Package findInFiles

Last updated on 2024-06-13 05:59:04 CEST.

Flavor Version Tinstall Tcheck Ttotal Status Flags
r-devel-linux-x86_64-debian-clang 0.5.0 5.81 48.44 54.25 OK
r-devel-linux-x86_64-debian-gcc 0.5.0 0.34 1.72 2.06 ERROR
r-devel-linux-x86_64-fedora-clang 0.5.0 70.74 OK
r-devel-linux-x86_64-fedora-gcc 0.5.0 64.24 OK
r-devel-windows-x86_64 0.5.0 7.00 58.00 65.00 OK
r-patched-linux-x86_64 0.5.0 5.56 46.40 51.96 OK
r-release-linux-x86_64 0.5.0 5.07 46.94 52.01 OK
r-release-macos-arm64 0.5.0 24.00 OK
r-release-macos-x86_64 0.5.0 43.00 OK
r-release-windows-x86_64 0.5.0 7.00 59.00 66.00 OK
r-oldrel-macos-arm64 0.5.0 29.00 OK
r-oldrel-macos-x86_64 0.5.0 55.00 OK
r-oldrel-windows-x86_64 0.5.0 8.00 64.00 72.00 OK

Check Details

Version: 0.5.0
Check: package dependencies
Result: ERROR Packages required but not available: 'stringr', 'tibble', 'vctrs' Package suggested but not available for checking: ‘shinyFiles’ See section ‘The DESCRIPTION file’ in the ‘Writing R Extensions’ manual. Flavor: r-devel-linux-x86_64-debian-gcc