CRAN Package Check Results for Package finch

Last updated on 2024-06-22 17:57:32 CEST.

Flavor Version Tinstall Tcheck Ttotal Status Flags
r-devel-linux-x86_64-debian-clang 0.4.0 7.88 65.16 73.04 NOTE
r-devel-linux-x86_64-debian-gcc 0.4.0 6.10 50.17 56.27 NOTE
r-devel-linux-x86_64-fedora-clang 0.4.0 93.61 NOTE
r-devel-linux-x86_64-fedora-gcc 0.4.0 86.18 NOTE
r-devel-windows-x86_64 0.4.0 8.00 67.00 75.00 NOTE
r-patched-linux-x86_64 0.4.0 7.76 62.06 69.82 NOTE
r-release-linux-x86_64 0.4.0 6.20 62.96 69.16 NOTE
r-release-macos-arm64 0.4.0 28.00 NOTE
r-release-macos-x86_64 0.4.0 60.00 NOTE
r-release-windows-x86_64 0.4.0 10.00 69.00 79.00 NOTE
r-oldrel-macos-arm64 0.4.0 30.00 NOTE
r-oldrel-macos-x86_64 0.4.0 42.00 NOTE
r-oldrel-windows-x86_64 0.4.0 10.00 72.00 82.00 NOTE

Check Details

Version: 0.4.0
Check: LazyData
Result: NOTE 'LazyData' is specified without a 'data' directory Flavors: r-devel-linux-x86_64-debian-clang, r-devel-linux-x86_64-debian-gcc, r-devel-linux-x86_64-fedora-clang, r-devel-linux-x86_64-fedora-gcc, r-devel-windows-x86_64, r-patched-linux-x86_64, r-release-linux-x86_64, r-release-macos-arm64, r-release-macos-x86_64, r-release-windows-x86_64, r-oldrel-macos-arm64, r-oldrel-macos-x86_64, r-oldrel-windows-x86_64