CRAN Package Check Results for Package feasts

Last updated on 2024-06-12 17:57:16 CEST.

Flavor Version Tinstall Tcheck Ttotal Status Flags
r-devel-linux-x86_64-debian-clang 0.3.2 13.83 177.54 191.37 NOTE
r-devel-linux-x86_64-debian-gcc 0.3.2 0.47 1.89 2.36 ERROR
r-devel-linux-x86_64-fedora-clang 0.3.2 238.08 OK
r-devel-linux-x86_64-fedora-gcc 0.3.2 238.49 OK
r-devel-windows-x86_64 0.3.2 11.00 140.00 151.00 OK
r-patched-linux-x86_64 0.3.2 12.15 173.63 185.78 OK
r-release-linux-x86_64 0.3.2 10.53 178.07 188.60 OK
r-release-macos-arm64 0.3.2 56.00 OK
r-release-macos-x86_64 0.3.2 98.00 OK
r-release-windows-x86_64 0.3.2 13.00 139.00 152.00 OK
r-oldrel-macos-arm64 0.3.2 68.00 OK
r-oldrel-macos-x86_64 0.3.2 167.00 OK
r-oldrel-windows-x86_64 0.3.2 15.00 176.00 191.00 OK

Check Details

Version: 0.3.2
Check: dependencies in R code
Result: NOTE Fortran STOP IEEE arithmetic exceptions signaled: INEXACT Flavor: r-devel-linux-x86_64-debian-clang

Version: 0.3.2
Check: package dependencies
Result: ERROR Packages required but not available: 'fabletools', 'tibble', 'tsibble', 'ggplot2', 'dplyr', 'tidyr', 'vctrs', 'lubridate', 'slider' Packages suggested but not available for checking: 'tsibbledata', 'pillar', 'testthat', 'fable', 'ggrepel' See section ‘The DESCRIPTION file’ in the ‘Writing R Extensions’ manual. Flavor: r-devel-linux-x86_64-debian-gcc