CRAN Package Check Results for Package fdarep

Last updated on 2025-01-22 08:49:12 CET.

Flavor Version Tinstall Tcheck Ttotal Status Flags
r-devel-linux-x86_64-debian-clang 0.1.1 57.12 86.84 143.96 OK
r-devel-linux-x86_64-debian-gcc 0.1.1 48.11 66.13 114.24 OK
r-devel-linux-x86_64-fedora-clang 0.1.1 238.97 OK
r-devel-linux-x86_64-fedora-gcc 0.1.1 251.79 OK
r-devel-windows-x86_64 0.1.1 57.00 113.00 170.00 OK
r-patched-linux-x86_64 0.1.1 59.74 85.41 145.15 OK
r-release-linux-x86_64 0.1.1 62.03 85.30 147.33 OK
r-release-macos-arm64 0.1.1 63.00 NOTE
r-release-macos-x86_64 0.1.1 88.00 NOTE
r-release-windows-x86_64 0.1.1 55.00 109.00 164.00 OK
r-oldrel-macos-arm64 0.1.1 71.00 NOTE
r-oldrel-macos-x86_64 0.1.1 140.00 NOTE
r-oldrel-windows-x86_64 0.1.1 72.00 135.00 207.00 OK

Check Details

Version: 0.1.1
Check: installed package size
Result: NOTE installed size is 17.0Mb sub-directories of 1Mb or more: libs 16.9Mb Flavors: r-release-macos-arm64, r-release-macos-x86_64, r-oldrel-macos-arm64, r-oldrel-macos-x86_64